Last updated on 2025-02-16 08:50:54 CET.
Flavor | Version | Tinstall | Tcheck | Ttotal | Status | Flags |
---|---|---|---|---|---|---|
r-devel-linux-x86_64-debian-clang | 0.1.1 | 212.86 | 70.94 | 283.80 | NOTE | |
r-devel-linux-x86_64-debian-gcc | 0.1.1 | 150.69 | 47.10 | 197.79 | NOTE | |
r-devel-linux-x86_64-fedora-clang | 0.1.1 | 587.95 | OK | |||
r-devel-linux-x86_64-fedora-gcc | 0.1.1 | 610.04 | OK | |||
r-devel-macos-arm64 | 0.1.1 | 111.00 | OK | |||
r-devel-macos-x86_64 | 0.1.1 | 187.00 | OK | |||
r-devel-windows-x86_64 | 0.1.1 | 228.00 | 113.00 | 341.00 | NOTE | |
r-patched-linux-x86_64 | 0.1.1 | 210.36 | 58.97 | 269.33 | OK | |
r-release-linux-x86_64 | 0.1.1 | 205.29 | 59.63 | 264.92 | OK | |
r-release-macos-arm64 | 0.1.1 | 118.00 | NOTE | |||
r-release-macos-x86_64 | 0.1.1 | 116.00 | NOTE | |||
r-release-windows-x86_64 | 0.1.1 | 230.00 | 102.00 | 332.00 | OK | |
r-oldrel-macos-arm64 | 0.1.1 | 153.00 | NOTE | |||
r-oldrel-macos-x86_64 | 0.1.1 | 249.00 | NOTE | |||
r-oldrel-windows-x86_64 | 0.1.1 | 275.00 | 125.00 | 400.00 | OK |
Version: 0.1.1
Check: Rd cross-references
Result: NOTE
Found the following Rd file(s) with Rd \link{} targets missing package
anchors:
mmcif_fit.Rd: auglag
Please provide package anchors for all Rd \link{} targets not in the
package itself and the base packages.
Flavors: r-devel-linux-x86_64-debian-clang, r-devel-linux-x86_64-debian-gcc, r-devel-windows-x86_64
Version: 0.1.1
Check: installed package size
Result: NOTE
installed size is 16.8Mb
sub-directories of 1Mb or more:
doc 1.3Mb
libs 15.0Mb
Flavors: r-release-macos-arm64, r-release-macos-x86_64, r-oldrel-macos-arm64, r-oldrel-macos-x86_64
These binaries (installable software) and packages are in development.
They may not be fully stable and should be used with caution. We make no claims about them.