Last updated on 2025-02-16 08:50:54 CET.
Flavor | Version | Tinstall | Tcheck | Ttotal | Status | Flags |
---|---|---|---|---|---|---|
r-devel-linux-x86_64-debian-clang | 0.2.0 | 2.73 | 33.32 | 36.05 | NOTE | |
r-devel-linux-x86_64-debian-gcc | 0.2.0 | 2.18 | 24.95 | 27.13 | NOTE | |
r-devel-linux-x86_64-fedora-clang | 0.2.0 | 59.85 | NOTE | |||
r-devel-linux-x86_64-fedora-gcc | 0.2.0 | 53.93 | NOTE | |||
r-devel-macos-arm64 | 0.2.0 | 21.00 | OK | |||
r-devel-macos-x86_64 | 0.2.0 | 43.00 | NOTE | |||
r-devel-windows-x86_64 | 0.2.0 | 6.00 | 63.00 | 69.00 | NOTE | |
r-patched-linux-x86_64 | 0.2.0 | 3.45 | 29.95 | 33.40 | OK | |
r-release-linux-x86_64 | 0.2.0 | 3.07 | 29.80 | 32.87 | OK | |
r-release-macos-arm64 | 0.2.0 | 21.00 | OK | |||
r-release-macos-x86_64 | 0.2.0 | 29.00 | OK | |||
r-release-windows-x86_64 | 0.2.0 | 5.00 | 56.00 | 61.00 | OK | |
r-oldrel-macos-arm64 | 0.2.0 | 23.00 | OK | |||
r-oldrel-macos-x86_64 | 0.2.0 | 495.00 | OK | |||
r-oldrel-windows-x86_64 | 0.2.0 | 6.00 | 74.00 | 80.00 | OK |
Version: 0.2.0
Check: DESCRIPTION meta-information
Result: NOTE
Missing dependency on R >= 4.1.0 because package code uses the pipe
|> or function shorthand \(...) syntax added in R 4.1.0.
File(s) using such syntax:
‘BF_for_everyone.R’ ‘rc_game_mgmt.R’
Flavors: r-devel-linux-x86_64-debian-clang, r-devel-linux-x86_64-debian-gcc, r-devel-linux-x86_64-fedora-clang, r-devel-linux-x86_64-fedora-gcc, r-devel-macos-x86_64, r-devel-windows-x86_64
These binaries (installable software) and packages are in development.
They may not be fully stable and should be used with caution. We make no claims about them.