CRAN Package Check Results for Package mmibain

Last updated on 2025-10-23 11:50:19 CEST.

Flavor Version Tinstall Tcheck Ttotal Status Flags
r-devel-linux-x86_64-debian-clang 0.2.0 2.88 39.69 42.57 NOTE
r-devel-linux-x86_64-debian-gcc 0.2.0 2.08 29.87 31.95 NOTE
r-devel-linux-x86_64-fedora-clang 0.2.0 61.93 NOTE
r-devel-linux-x86_64-fedora-gcc 0.2.0 56.76 NOTE
r-devel-windows-x86_64 0.2.0 6.00 59.00 65.00 NOTE
r-patched-linux-x86_64 0.2.0 3.26 34.35 37.61 NOTE
r-release-linux-x86_64 0.2.0 3.02 34.78 37.80 NOTE
r-release-macos-arm64 0.2.0 2.00 24.00 26.00 NOTE
r-release-macos-x86_64 0.2.0 3.00 40.00 43.00 NOTE
r-release-windows-x86_64 0.2.0 5.00 59.00 64.00 NOTE
r-oldrel-macos-arm64 0.2.0 1.00 20.00 21.00 OK
r-oldrel-macos-x86_64 0.2.0 2.00 27.00 29.00 OK
r-oldrel-windows-x86_64 0.2.0 8.00 71.00 79.00 OK

Check Details

Version: 0.2.0
Check: DESCRIPTION meta-information
Result: NOTE Missing dependency on R >= 4.1.0 because package code uses the pipe |> or function shorthand \(...) syntax added in R 4.1.0. File(s) using such syntax: ‘BF_for_everyone.R’ ‘rc_game_mgmt.R’ Flavors: r-devel-linux-x86_64-debian-clang, r-devel-linux-x86_64-debian-gcc, r-devel-linux-x86_64-fedora-clang, r-devel-linux-x86_64-fedora-gcc, r-devel-windows-x86_64, r-patched-linux-x86_64, r-release-linux-x86_64, r-release-macos-arm64, r-release-macos-x86_64, r-release-windows-x86_64

These binaries (installable software) and packages are in development.
They may not be fully stable and should be used with caution. We make no claims about them.