CRAN Package Check Results for Package mmirestriktor

Last updated on 2025-11-11 15:50:39 CET.

Flavor Version Tinstall Tcheck Ttotal Status Flags
r-devel-linux-x86_64-debian-clang 0.3.1 3.19 47.62 50.81 NOTE
r-devel-linux-x86_64-debian-gcc 0.3.1 2.21 35.23 37.44 NOTE
r-devel-linux-x86_64-fedora-clang 0.3.1 79.86 NOTE
r-devel-linux-x86_64-fedora-gcc 0.3.1 72.75 NOTE
r-devel-windows-x86_64 0.3.1 7.00 66.00 73.00 NOTE
r-patched-linux-x86_64 0.3.1 3.34 44.48 47.82 NOTE
r-release-linux-x86_64 0.3.1 2.93 43.07 46.00 NOTE
r-release-macos-arm64 0.3.1 1.00 26.00 27.00 NOTE
r-release-macos-x86_64 0.3.1 3.00 46.00 49.00 NOTE
r-release-windows-x86_64 0.3.1 7.00 68.00 75.00 NOTE
r-oldrel-macos-arm64 0.3.1 2.00 25.00 27.00 OK
r-oldrel-macos-x86_64 0.3.1 3.00 50.00 53.00 OK
r-oldrel-windows-x86_64 0.3.1 8.00 87.00 95.00 OK

Check Details

Version: 0.3.1
Check: DESCRIPTION meta-information
Result: NOTE Missing dependency on R >= 4.1.0 because package code uses the pipe |> or function shorthand \(...) syntax added in R 4.1.0. File(s) using such syntax: ‘iht_interpreter.Rd’ ‘lr_pow.Rd’ ‘pj_pow.Rd’ ‘replext_helpers.R’ ‘replext_helpers_pgsql.R’ ‘rm_interpreter.Rd’ Flavors: r-devel-linux-x86_64-debian-clang, r-devel-linux-x86_64-debian-gcc, r-devel-linux-x86_64-fedora-clang, r-devel-linux-x86_64-fedora-gcc, r-devel-windows-x86_64, r-patched-linux-x86_64, r-release-linux-x86_64, r-release-macos-arm64, r-release-macos-x86_64, r-release-windows-x86_64

These binaries (installable software) and packages are in development.
They may not be fully stable and should be used with caution. We make no claims about them.