Last updated on 2024-07-27 15:50:26 CEST.
Flavor | Version | Tinstall | Tcheck | Ttotal | Status | Flags |
---|---|---|---|---|---|---|
r-devel-linux-x86_64-debian-clang | 2.0.3 | 57.08 | 34.17 | 91.25 | NOTE | |
r-devel-linux-x86_64-debian-gcc | 2.0.3 | NOTE | ||||
r-devel-linux-x86_64-fedora-clang | 2.0.3 | 139.16 | NOTE | |||
r-devel-linux-x86_64-fedora-gcc | 2.0.3 | 143.10 | NOTE | |||
r-devel-windows-x86_64 | 2.0.3 | 57.00 | 67.00 | 124.00 | NOTE | |
r-patched-linux-x86_64 | 2.0.3 | NOTE | ||||
r-release-linux-x86_64 | 2.0.3 | 53.57 | 37.34 | 90.91 | NOTE | |
r-release-macos-arm64 | 2.0.3 | 36.00 | NOTE | |||
r-release-macos-x86_64 | 2.0.3 | 52.00 | NOTE | |||
r-release-windows-x86_64 | 2.0.3 | 60.00 | 67.00 | 127.00 | NOTE | |
r-oldrel-macos-arm64 | 2.0.3 | 38.00 | NOTE | |||
r-oldrel-macos-x86_64 | 2.0.3 | 62.00 | NOTE | |||
r-oldrel-windows-x86_64 | 2.0.3 | 70.00 | 85.00 | 155.00 | NOTE |
Version: 2.0.3
Check: C++ specification
Result: NOTE
Specified C++14: please drop specification unless essential
Flavors: r-devel-linux-x86_64-debian-clang, r-devel-linux-x86_64-debian-gcc, r-devel-linux-x86_64-fedora-clang, r-devel-linux-x86_64-fedora-gcc, r-devel-windows-x86_64, r-patched-linux-x86_64, r-release-linux-x86_64, r-release-macos-arm64, r-release-macos-x86_64, r-release-windows-x86_64, r-oldrel-macos-arm64, r-oldrel-macos-x86_64, r-oldrel-windows-x86_64
Version: 2.0.3
Check: installed package size
Result: NOTE
installed size is 29.9Mb
sub-directories of 1Mb or more:
libs 29.8Mb
Flavors: r-release-macos-arm64, r-release-macos-x86_64, r-oldrel-macos-arm64, r-oldrel-macos-x86_64
These binaries (installable software) and packages are in development.
They may not be fully stable and should be used with caution. We make no claims about them.