Last updated on 2025-02-16 08:50:54 CET.
Flavor | Version | Tinstall | Tcheck | Ttotal | Status | Flags |
---|---|---|---|---|---|---|
r-devel-linux-x86_64-debian-clang | 2.0.3 | 46.44 | 27.14 | 73.58 | NOTE | |
r-devel-linux-x86_64-debian-gcc | 2.0.3 | 35.95 | 24.51 | 60.46 | NOTE | |
r-devel-linux-x86_64-fedora-clang | 2.0.3 | 123.87 | NOTE | |||
r-devel-linux-x86_64-fedora-gcc | 2.0.3 | 145.08 | NOTE | |||
r-devel-macos-arm64 | 2.0.3 | 35.00 | NOTE | |||
r-devel-macos-x86_64 | 2.0.3 | 72.00 | NOTE | |||
r-devel-windows-x86_64 | 2.0.3 | 49.00 | 80.00 | 129.00 | NOTE | |
r-patched-linux-x86_64 | 2.0.3 | 48.84 | 30.62 | 79.46 | NOTE | |
r-release-linux-x86_64 | 2.0.3 | 44.50 | 30.65 | 75.15 | NOTE | |
r-release-macos-arm64 | 2.0.3 | 36.00 | NOTE | |||
r-release-macos-x86_64 | 2.0.3 | 52.00 | NOTE | |||
r-release-windows-x86_64 | 2.0.3 | 52.00 | 77.00 | 129.00 | NOTE | |
r-oldrel-macos-arm64 | 2.0.3 | 38.00 | NOTE | |||
r-oldrel-macos-x86_64 | 2.0.3 | 62.00 | NOTE | |||
r-oldrel-windows-x86_64 | 2.0.3 | 68.00 | 116.00 | 184.00 | NOTE |
Version: 2.0.3
Check: C++ specification
Result: NOTE
Specified C++14: please drop specification unless essential
Flavors: r-devel-linux-x86_64-debian-clang, r-devel-linux-x86_64-debian-gcc, r-devel-linux-x86_64-fedora-clang, r-devel-linux-x86_64-fedora-gcc, r-devel-macos-arm64, r-devel-macos-x86_64, r-devel-windows-x86_64, r-patched-linux-x86_64, r-release-linux-x86_64, r-release-macos-arm64, r-release-macos-x86_64, r-release-windows-x86_64, r-oldrel-macos-arm64, r-oldrel-macos-x86_64, r-oldrel-windows-x86_64
Version: 2.0.3
Check: installed package size
Result: NOTE
installed size is 29.9Mb
sub-directories of 1Mb or more:
libs 29.8Mb
Flavors: r-release-macos-arm64, r-release-macos-x86_64, r-oldrel-macos-arm64, r-oldrel-macos-x86_64
These binaries (installable software) and packages are in development.
They may not be fully stable and should be used with caution. We make no claims about them.