CRAN Package Check Results for Package mmr

Last updated on 2025-02-16 08:50:54 CET.

Flavor Version Tinstall Tcheck Ttotal Status Flags
r-devel-linux-x86_64-debian-clang 0.1.0 1.33 15.36 16.69 OK
r-devel-linux-x86_64-debian-gcc 0.1.0 1.34 13.15 14.49 OK
r-devel-linux-x86_64-fedora-clang 0.1.0 27.58 OK
r-devel-linux-x86_64-fedora-gcc 0.1.0 26.18 OK
r-devel-macos-arm64 0.1.0 13.00 OK
r-devel-macos-x86_64 0.1.0 27.00 OK
r-devel-windows-x86_64 0.1.0 2.00 39.00 41.00 OK
r-patched-linux-x86_64 0.1.0 1.42 14.71 16.13 NOTE
r-release-linux-x86_64 0.1.0 1.42 14.68 16.10 NOTE
r-release-macos-arm64 0.1.0 13.00 NOTE
r-release-macos-x86_64 0.1.0 18.00 NOTE
r-release-windows-x86_64 0.1.0 2.00 34.00 36.00 NOTE
r-oldrel-macos-arm64 0.1.0 15.00 NOTE
r-oldrel-macos-x86_64 0.1.0 17.00 NOTE
r-oldrel-windows-x86_64 0.1.0 3.00 33.00 36.00 NOTE

Check Details

Version: 0.1.0
Check: LazyData
Result: NOTE 'LazyData' is specified without a 'data' directory Flavors: r-patched-linux-x86_64, r-release-linux-x86_64, r-release-macos-arm64, r-release-macos-x86_64, r-release-windows-x86_64, r-oldrel-macos-arm64, r-oldrel-macos-x86_64, r-oldrel-windows-x86_64

These binaries (installable software) and packages are in development.
They may not be fully stable and should be used with caution. We make no claims about them.