Last updated on 2025-02-19 16:50:56 CET.
Flavor | Version | Tinstall | Tcheck | Ttotal | Status | Flags |
---|---|---|---|---|---|---|
r-devel-linux-x86_64-debian-clang | 0.3.14 | 469.22 | 151.04 | 620.26 | NOTE | |
r-devel-linux-x86_64-debian-gcc | 0.3.14 | 400.96 | 137.98 | 538.94 | NOTE | |
r-devel-linux-x86_64-fedora-clang | 0.3.14 | 975.20 | NOTE | |||
r-devel-linux-x86_64-fedora-gcc | 0.3.14 | 1465.68 | NOTE | |||
r-devel-macos-arm64 | 0.3.14 | 292.00 | OK | |||
r-devel-macos-x86_64 | 0.3.14 | 483.00 | NOTE | |||
r-devel-windows-x86_64 | 0.3.14 | 457.00 | 231.00 | 688.00 | NOTE | |
r-patched-linux-x86_64 | 0.3.14 | 540.88 | 181.87 | 722.75 | OK | |
r-release-linux-x86_64 | 0.3.14 | 541.53 | 179.32 | 720.85 | OK | |
r-release-macos-arm64 | 0.3.14 | 188.00 | NOTE | |||
r-release-macos-x86_64 | 0.3.14 | 238.00 | NOTE | |||
r-release-windows-x86_64 | 0.3.14 | 472.00 | 232.00 | 704.00 | NOTE | |
r-oldrel-macos-arm64 | 0.3.14 | 268.00 | NOTE | |||
r-oldrel-macos-x86_64 | 0.3.14 | 285.00 | NOTE | |||
r-oldrel-windows-x86_64 | 0.3.14 | 608.00 | 332.00 | 940.00 | NOTE |
Version: 0.3.14
Check: DESCRIPTION meta-information
Result: NOTE
Missing dependency on R >= 4.1.0 because package code uses the pipe
|> or function shorthand \(...) syntax added in R 4.1.0.
File(s) using such syntax:
‘interop-car.R’
Flavors: r-devel-linux-x86_64-debian-clang, r-devel-linux-x86_64-debian-gcc, r-devel-linux-x86_64-fedora-clang, r-devel-linux-x86_64-fedora-gcc, r-devel-macos-x86_64, r-devel-windows-x86_64
Version: 0.3.14
Check: installed package size
Result: NOTE
installed size is 121.1Mb
sub-directories of 1Mb or more:
libs 119.3Mb
Flavors: r-release-macos-arm64, r-release-macos-x86_64, r-release-windows-x86_64, r-oldrel-macos-arm64, r-oldrel-macos-x86_64, r-oldrel-windows-x86_64
These binaries (installable software) and packages are in development.
They may not be fully stable and should be used with caution. We make no claims about them.