CRAN Package Check Results for Package mmtsne

Last updated on 2025-11-11 15:50:39 CET.

Flavor Version Tinstall Tcheck Ttotal Status Flags
r-devel-linux-x86_64-debian-clang 0.1.0 1.82 24.75 26.57 NOTE
r-devel-linux-x86_64-debian-gcc 0.1.0 1.28 19.83 21.11 NOTE
r-devel-linux-x86_64-fedora-clang 0.1.0 38.98 OK
r-devel-linux-x86_64-fedora-gcc 0.1.0 37.25 OK
r-devel-windows-x86_64 0.1.0 5.00 38.00 43.00 OK
r-patched-linux-x86_64 0.1.0 1.89 22.83 24.72 OK
r-release-linux-x86_64 0.1.0 1.58 22.81 24.39 OK
r-release-macos-arm64 0.1.0 1.00 16.00 17.00 OK
r-release-macos-x86_64 0.1.0 2.00 31.00 33.00 OK
r-release-windows-x86_64 0.1.0 3.00 38.00 41.00 OK
r-oldrel-macos-arm64 0.1.0 1.00 14.00 15.00 NOTE
r-oldrel-macos-x86_64 0.1.0 2.00 21.00 23.00 NOTE
r-oldrel-windows-x86_64 0.1.0 2.00 40.00 42.00 NOTE

Check Details

Version: 0.1.0
Check: CRAN incoming feasibility
Result: NOTE Maintainer: ‘Benjamin J. Radford <benjamin.radford@gmail.com>’ No Authors@R field in DESCRIPTION. Please add one, modifying Authors@R: person(given = c("Benjamin", "J."), family = "Radford", role = c("aut", "cre"), email = "benjamin.radford@gmail.com") as necessary. Flavors: r-devel-linux-x86_64-debian-clang, r-devel-linux-x86_64-debian-gcc

Version: 0.1.0
Check: LazyData
Result: NOTE 'LazyData' is specified without a 'data' directory Flavors: r-oldrel-macos-arm64, r-oldrel-macos-x86_64, r-oldrel-windows-x86_64

These binaries (installable software) and packages are in development.
They may not be fully stable and should be used with caution. We make no claims about them.