Last updated on 2025-10-24 01:50:32 CEST.
| Flavor | Version | Tinstall | Tcheck | Ttotal | Status | Flags |
|---|---|---|---|---|---|---|
| r-devel-linux-x86_64-debian-clang | 1.0.9 | 2.24 | 57.35 | 59.59 | OK | |
| r-devel-linux-x86_64-debian-gcc | 1.0.9 | 1.72 | 40.37 | 42.09 | OK | |
| r-devel-linux-x86_64-fedora-clang | 1.0.9 | 92.62 | NOTE | |||
| r-devel-linux-x86_64-fedora-gcc | 1.0.9 | 85.39 | NOTE | |||
| r-devel-windows-x86_64 | 1.0.9 | 5.00 | 70.00 | 75.00 | OK | |
| r-patched-linux-x86_64 | 1.0.9 | 2.44 | 55.64 | 58.08 | OK | |
| r-release-linux-x86_64 | 1.0.9 | 2.05 | 54.90 | 56.95 | OK | |
| r-release-macos-arm64 | 1.0.9 | 1.00 | 29.00 | 30.00 | OK | |
| r-release-macos-x86_64 | 1.0.9 | 4.00 | 87.00 | 91.00 | OK | |
| r-release-windows-x86_64 | 1.0.9 | 4.00 | 69.00 | 73.00 | OK | |
| r-oldrel-macos-arm64 | 1.0.9 | 1.00 | 25.00 | 26.00 | OK | |
| r-oldrel-macos-x86_64 | 1.0.9 | 2.00 | 39.00 | 41.00 | OK | |
| r-oldrel-windows-x86_64 | 1.0.9 | 5.00 | 93.00 | 98.00 | OK |
Version: 1.0.9
Check: dependencies in R code
Result: NOTE
Namespaces in Imports field not imported from:
‘MASS’ ‘Matrix’ ‘magrittr’ ‘reticulate’ ‘tensorflow’ ‘usethis’
All declared Imports should be used.
Flavors: r-devel-linux-x86_64-fedora-clang, r-devel-linux-x86_64-fedora-gcc
These binaries (installable software) and packages are in development.
They may not be fully stable and should be used with caution. We make no claims about them.