Last updated on 2025-10-25 01:51:07 CEST.
| Flavor | Version | Tinstall | Tcheck | Ttotal | Status | Flags |
|---|---|---|---|---|---|---|
| r-devel-linux-x86_64-debian-clang | 1.0.2 | 112.21 | 81.70 | 193.91 | OK | |
| r-devel-linux-x86_64-debian-gcc | 1.0.2 | 89.56 | 62.73 | 152.29 | OK | |
| r-devel-linux-x86_64-fedora-clang | 1.0.2 | 199.00 | 150.81 | 349.81 | OK | |
| r-devel-linux-x86_64-fedora-gcc | 1.0.2 | 154.00 | 222.48 | 376.48 | OK | |
| r-devel-windows-x86_64 | 1.0.2 | 122.00 | 120.00 | 242.00 | OK | |
| r-patched-linux-x86_64 | 1.0.2 | 128.34 | 91.97 | 220.31 | OK | |
| r-release-linux-x86_64 | 1.0.2 | 127.04 | 91.10 | 218.14 | OK | |
| r-release-macos-arm64 | 1.0.2 | 43.00 | 47.00 | 90.00 | OK | |
| r-release-macos-x86_64 | 1.0.2 | 39.00 | 85.00 | 124.00 | OK | |
| r-release-windows-x86_64 | 1.0.2 | 123.00 | 121.00 | 244.00 | OK | |
| r-oldrel-macos-arm64 | 1.0.2 | 47.00 | 47.00 | 94.00 | NOTE | |
| r-oldrel-macos-x86_64 | 1.0.2 | 33.00 | 83.00 | 116.00 | NOTE | |
| r-oldrel-windows-x86_64 | 1.0.2 | 147.00 | 157.00 | 304.00 | OK |
Version: 1.0.2
Check: installed package size
Result: NOTE
installed size is 19.6Mb
sub-directories of 1Mb or more:
libs 19.4Mb
Flavors: r-oldrel-macos-arm64, r-oldrel-macos-x86_64
These binaries (installable software) and packages are in development.
They may not be fully stable and should be used with caution. We make no claims about them.