CRAN Package Check Results for Package mniw

Last updated on 2025-07-22 19:51:53 CEST.

Flavor Version Tinstall Tcheck Ttotal Status Flags
r-devel-linux-x86_64-debian-clang 1.0.2 114.22 80.37 194.59 OK
r-devel-linux-x86_64-debian-gcc 1.0.2 94.32 62.60 156.92 OK
r-devel-linux-x86_64-fedora-clang 1.0.2 342.56 OK
r-devel-linux-x86_64-fedora-gcc 1.0.2 395.07 OK
r-devel-windows-x86_64 1.0.2 122.00 122.00 244.00 OK
r-patched-linux-x86_64 1.0.2 125.08 88.81 213.89 OK
r-release-linux-x86_64 1.0.2 131.56 89.96 221.52 OK
r-release-macos-arm64 1.0.2 90.00 OK
r-release-macos-x86_64 1.0.2 124.00 OK
r-release-windows-x86_64 1.0.2 124.00 123.00 247.00 OK
r-oldrel-macos-arm64 1.0.2 94.00 NOTE
r-oldrel-macos-x86_64 1.0.2 116.00 NOTE
r-oldrel-windows-x86_64 1.0.2 148.00 171.00 319.00 OK

Check Details

Version: 1.0.2
Check: installed package size
Result: NOTE installed size is 19.6Mb sub-directories of 1Mb or more: libs 19.4Mb Flavors: r-oldrel-macos-arm64, r-oldrel-macos-x86_64

These binaries (installable software) and packages are in development.
They may not be fully stable and should be used with caution. We make no claims about them.