CRAN Package Check Results for Package mnlfa

Last updated on 2025-07-11 13:48:31 CEST.

Flavor Version Tinstall Tcheck Ttotal Status Flags
r-devel-linux-x86_64-debian-clang 0.3-4 17.35 31.64 48.99 NOTE
r-devel-linux-x86_64-debian-gcc 0.3-4 11.63 24.94 36.57 NOTE
r-devel-linux-x86_64-fedora-clang 0.3-4 83.07 OK
r-devel-linux-x86_64-fedora-gcc 0.3-4 72.88 OK
r-devel-windows-x86_64 0.3-4 22.00 66.00 88.00 OK
r-patched-linux-x86_64 0.3-4 16.17 29.39 45.56 OK
r-release-linux-x86_64 0.3-4 15.62 29.23 44.85 OK
r-release-macos-arm64 0.3-4 26.00 OK
r-release-macos-x86_64 0.3-4 44.00 OK
r-release-windows-x86_64 0.3-4 22.00 73.00 95.00 OK
r-oldrel-macos-arm64 0.3-4 24.00 OK
r-oldrel-macos-x86_64 0.3-4 38.00 OK
r-oldrel-windows-x86_64 0.3-4 26.00 79.00 105.00 OK

Check Details

Version: 0.3-4
Check: CRAN incoming feasibility
Result: NOTE Maintainer: ‘Alexander Robitzsch <robitzsch@ipn.uni-kiel.de>’ No Authors@R field in DESCRIPTION. Please add one, modifying Authors@R: person(given = "Alexander", family = "Robitzsch", role = c("aut", "cre"), email = "robitzsch@ipn.uni-kiel.de", comment = c(ORCID = "0000-0002-8226-3132")) as necessary. Flavors: r-devel-linux-x86_64-debian-clang, r-devel-linux-x86_64-debian-gcc

These binaries (installable software) and packages are in development.
They may not be fully stable and should be used with caution. We make no claims about them.