Last updated on 2025-10-25 09:49:36 CEST.
| Flavor | Version | Tinstall | Tcheck | Ttotal | Status | Flags |
|---|---|---|---|---|---|---|
| r-devel-linux-x86_64-debian-clang | 0.3-4 | 17.98 | 32.87 | 50.85 | NOTE | |
| r-devel-linux-x86_64-debian-gcc | 0.3-4 | 9.38 | 25.77 | 35.15 | NOTE | |
| r-devel-linux-x86_64-fedora-clang | 0.3-4 | 57.00 | 27.02 | 84.02 | OK | |
| r-devel-linux-x86_64-fedora-gcc | 0.3-4 | 79.00 | -0.55 | 78.45 | OK | |
| r-devel-windows-x86_64 | 0.3-4 | 23.00 | 68.00 | 91.00 | OK | |
| r-patched-linux-x86_64 | 0.3-4 | 16.67 | 30.15 | 46.82 | OK | |
| r-release-linux-x86_64 | 0.3-4 | 15.24 | 30.47 | 45.71 | OK | |
| r-release-macos-arm64 | 0.3-4 | 8.00 | 18.00 | 26.00 | OK | |
| r-release-macos-x86_64 | 0.3-4 | 13.00 | 31.00 | 44.00 | OK | |
| r-release-windows-x86_64 | 0.3-4 | 23.00 | 69.00 | 92.00 | OK | |
| r-oldrel-macos-arm64 | 0.3-4 | 7.00 | 17.00 | 24.00 | OK | |
| r-oldrel-macos-x86_64 | 0.3-4 | 12.00 | 26.00 | 38.00 | OK | |
| r-oldrel-windows-x86_64 | 0.3-4 | 30.00 | 84.00 | 114.00 | OK |
Version: 0.3-4
Check: CRAN incoming feasibility
Result: NOTE
Maintainer: ‘Alexander Robitzsch <robitzsch@ipn.uni-kiel.de>’
No Authors@R field in DESCRIPTION.
Please add one, modifying
Authors@R: person(given = "Alexander",
family = "Robitzsch",
role = c("aut", "cre"),
email = "robitzsch@ipn.uni-kiel.de",
comment = c(ORCID = "0000-0002-8226-3132"))
as necessary.
Flavors: r-devel-linux-x86_64-debian-clang, r-devel-linux-x86_64-debian-gcc
These binaries (installable software) and packages are in development.
They may not be fully stable and should be used with caution. We make no claims about them.