Last updated on 2025-05-01 14:49:15 CEST.
Flavor | Version | Tinstall | Tcheck | Ttotal | Status | Flags |
---|---|---|---|---|---|---|
r-devel-linux-x86_64-debian-clang | 1.0.0 | 1.77 | 21.63 | 23.40 | NOTE | |
r-devel-linux-x86_64-debian-gcc | 1.0.0 | 1.57 | 17.68 | 19.25 | NOTE | |
r-devel-linux-x86_64-fedora-clang | 1.0.0 | 37.58 | OK | |||
r-devel-linux-x86_64-fedora-gcc | 1.0.0 | 50.43 | OK | |||
r-devel-windows-x86_64 | 1.0.0 | 3.00 | 44.00 | 47.00 | OK | |
r-patched-linux-x86_64 | 1.0.0 | 1.89 | 20.57 | 22.46 | OK | |
r-release-linux-x86_64 | OK | |||||
r-release-macos-arm64 | 1.0.0 | 24.00 | OK | |||
r-release-macos-x86_64 | 1.0.0 | 40.00 | OK | |||
r-release-windows-x86_64 | 1.0.0 | 3.00 | 46.00 | 49.00 | OK | |
r-oldrel-macos-arm64 | 1.0.0 | 22.00 | NOTE | |||
r-oldrel-macos-x86_64 | 1.0.0 | 31.00 | NOTE | |||
r-oldrel-windows-x86_64 | 1.0.0 | 3.00 | 45.00 | 48.00 | NOTE |
Version: 1.0.0
Check: CRAN incoming feasibility
Result: NOTE
Maintainer: ‘Wen Qu <wqu@nd.edu>’
No Authors@R field in DESCRIPTION.
Please add one, modifying
Authors@R: c(person(given = "Wen",
family = "Qu",
role = c("aut", "cre"),
email = "wqu@nd.edu"),
person(given = "Zhiyong",
family = "Zhang",
role = "aut"))
as necessary.
Flavors: r-devel-linux-x86_64-debian-clang, r-devel-linux-x86_64-debian-gcc
Version: 1.0.0
Check: LazyData
Result: NOTE
'LazyData' is specified without a 'data' directory
Flavors: r-oldrel-macos-arm64, r-oldrel-macos-x86_64, r-oldrel-windows-x86_64
These binaries (installable software) and packages are in development.
They may not be fully stable and should be used with caution. We make no claims about them.