Last updated on 2025-10-02 23:48:57 CEST.
Flavor | Version | Tinstall | Tcheck | Ttotal | Status | Flags |
---|---|---|---|---|---|---|
r-devel-linux-x86_64-debian-clang | 1.0.0 | 1.50 | 26.70 | 28.20 | NOTE | |
r-devel-linux-x86_64-debian-gcc | 1.0.0 | 1.69 | 22.05 | 23.74 | NOTE | |
r-devel-linux-x86_64-fedora-clang | 1.0.0 | 43.62 | OK | |||
r-devel-linux-x86_64-fedora-gcc | 1.0.0 | 57.46 | OK | |||
r-devel-windows-x86_64 | 1.0.0 | 3.00 | 42.00 | 45.00 | OK | |
r-patched-linux-x86_64 | 1.0.0 | 1.68 | 24.80 | 26.48 | OK | |
r-release-linux-x86_64 | 1.0.0 | 1.87 | 26.01 | 27.88 | OK | |
r-release-macos-arm64 | 1.0.0 | 24.00 | OK | |||
r-release-macos-x86_64 | 1.0.0 | 40.00 | OK | |||
r-release-windows-x86_64 | 1.0.0 | 3.00 | 42.00 | 45.00 | OK | |
r-oldrel-macos-arm64 | 1.0.0 | 22.00 | NOTE | |||
r-oldrel-macos-x86_64 | 1.0.0 | 31.00 | NOTE | |||
r-oldrel-windows-x86_64 | 1.0.0 | 5.00 | 49.00 | 54.00 | NOTE |
Version: 1.0.0
Check: CRAN incoming feasibility
Result: NOTE
Maintainer: ‘Wen Qu <wqu@nd.edu>’
No Authors@R field in DESCRIPTION.
Please add one, modifying
Authors@R: c(person(given = "Wen",
family = "Qu",
role = c("aut", "cre"),
email = "wqu@nd.edu"),
person(given = "Zhiyong",
family = "Zhang",
role = "aut"))
as necessary.
Flavors: r-devel-linux-x86_64-debian-clang, r-devel-linux-x86_64-debian-gcc
Version: 1.0.0
Check: LazyData
Result: NOTE
'LazyData' is specified without a 'data' directory
Flavors: r-oldrel-macos-arm64, r-oldrel-macos-x86_64, r-oldrel-windows-x86_64
These binaries (installable software) and packages are in development.
They may not be fully stable and should be used with caution. We make no claims about them.