CRAN Package Check Results for Package mnorm

Last updated on 2025-06-30 23:49:52 CEST.

Flavor Version Tinstall Tcheck Ttotal Status Flags
r-devel-linux-x86_64-debian-clang 1.2.2 122.99 27.28 150.27 OK
r-devel-linux-x86_64-debian-gcc 1.2.2 94.50 21.77 116.27 OK
r-devel-linux-x86_64-fedora-clang 1.2.2 280.53 OK
r-devel-linux-x86_64-fedora-gcc 1.2.2 308.07 OK
r-devel-windows-x86_64 1.2.2 139.00 76.00 215.00 OK
r-patched-linux-x86_64 OK
r-release-linux-x86_64 1.2.2 129.33 25.68 155.01 OK
r-release-macos-arm64 1.2.2 65.00 OK
r-release-macos-x86_64 1.2.2 89.00 OK
r-release-windows-x86_64 1.2.2 138.00 79.00 217.00 OK
r-oldrel-macos-arm64 1.2.2 61.00 NOTE
r-oldrel-macos-x86_64 1.2.2 70.00 NOTE
r-oldrel-windows-x86_64 1.2.2 163.00 84.00 247.00 OK

Check Details

Version: 1.2.2
Check: installed package size
Result: NOTE installed size is 10.6Mb sub-directories of 1Mb or more: libs 10.4Mb Flavors: r-oldrel-macos-arm64, r-oldrel-macos-x86_64

These binaries (installable software) and packages are in development.
They may not be fully stable and should be used with caution. We make no claims about them.