Last updated on 2024-07-27 15:50:26 CEST.
Flavor | Version | Tinstall | Tcheck | Ttotal | Status | Flags |
---|---|---|---|---|---|---|
r-devel-linux-x86_64-debian-clang | 1.2.2 | 163.77 | 33.79 | 197.56 | OK | |
r-devel-linux-x86_64-debian-gcc | 1.2.2 | OK | ||||
r-devel-linux-x86_64-fedora-clang | 1.2.2 | 326.13 | OK | |||
r-devel-linux-x86_64-fedora-gcc | 1.2.2 | 327.37 | OK | |||
r-devel-windows-x86_64 | 1.2.2 | 126.00 | 72.00 | 198.00 | OK | |
r-patched-linux-x86_64 | 1.2.2 | OK | ||||
r-release-linux-x86_64 | 1.2.2 | 149.45 | 31.41 | 180.86 | OK | |
r-release-macos-arm64 | 1.2.2 | 61.00 | NOTE | |||
r-release-macos-x86_64 | 1.2.2 | 70.00 | NOTE | |||
r-release-windows-x86_64 | 1.2.2 | 148.00 | 75.00 | 223.00 | OK | |
r-oldrel-macos-arm64 | 1.2.2 | 68.00 | NOTE | |||
r-oldrel-macos-x86_64 | 1.2.2 | 102.00 | NOTE | |||
r-oldrel-windows-x86_64 | 1.2.2 | 151.00 | 82.00 | 233.00 | OK |
Version: 1.2.2
Check: installed package size
Result: NOTE
installed size is 10.6Mb
sub-directories of 1Mb or more:
libs 10.4Mb
Flavors: r-release-macos-arm64, r-release-macos-x86_64, r-oldrel-macos-arm64, r-oldrel-macos-x86_64
These binaries (installable software) and packages are in development.
They may not be fully stable and should be used with caution. We make no claims about them.