Last updated on 2025-05-03 22:50:00 CEST.
Flavor | Version | Tinstall | Tcheck | Ttotal | Status | Flags |
---|---|---|---|---|---|---|
r-devel-linux-x86_64-debian-clang | 0.4.2 | 6.34 | 58.85 | 65.19 | NOTE | |
r-devel-linux-x86_64-debian-gcc | 0.4.2 | 5.84 | 45.26 | 51.10 | NOTE | |
r-devel-linux-x86_64-fedora-clang | 0.4.2 | 102.01 | OK | |||
r-devel-linux-x86_64-fedora-gcc | 0.4.2 | 96.94 | OK | |||
r-devel-windows-x86_64 | 0.4.2 | 9.00 | 91.00 | 100.00 | OK | |
r-patched-linux-x86_64 | 0.4.2 | 7.21 | 55.67 | 62.88 | OK | |
r-release-linux-x86_64 | OK | |||||
r-release-macos-arm64 | 0.4.2 | 43.00 | OK | |||
r-release-macos-x86_64 | 0.4.2 | 64.00 | OK | |||
r-release-windows-x86_64 | 0.4.2 | 8.00 | 72.00 | 80.00 | OK | |
r-oldrel-macos-arm64 | 0.4.2 | 34.00 | OK | |||
r-oldrel-macos-x86_64 | 0.4.2 | 49.00 | OK | |||
r-oldrel-windows-x86_64 | 0.4.2 | 12.00 | 85.00 | 97.00 | OK |
Version: 0.4.2
Check: CRAN incoming feasibility
Result: NOTE
Maintainer: ‘WenSui Liu <liuwensui@gmail.com>’
No Authors@R field in DESCRIPTION.
Please add one, modifying
Authors@R: person(given = "WenSui",
family = "Liu",
role = c("aut", "cre"),
email = "liuwensui@gmail.com")
as necessary.
Flavors: r-devel-linux-x86_64-debian-clang, r-devel-linux-x86_64-debian-gcc
These binaries (installable software) and packages are in development.
They may not be fully stable and should be used with caution. We make no claims about them.