CRAN Package Check Results for Package mob

Last updated on 2025-11-11 15:50:39 CET.

Flavor Version Tinstall Tcheck Ttotal Status Flags
r-devel-linux-x86_64-debian-clang 0.4.2 7.61 61.04 68.65 NOTE
r-devel-linux-x86_64-debian-gcc 0.4.2 5.41 45.43 50.84 NOTE
r-devel-linux-x86_64-fedora-clang 0.4.2 20.00 83.86 103.86 OK
r-devel-linux-x86_64-fedora-gcc 0.4.2 16.00 81.16 97.16 OK
r-devel-windows-x86_64 0.4.2 9.00 76.00 85.00 OK
r-patched-linux-x86_64 0.4.2 6.90 57.36 64.26 OK
r-release-linux-x86_64 0.4.2 6.63 58.02 64.65 OK
r-release-macos-arm64 0.4.2 5.00 38.00 43.00 OK
r-release-macos-x86_64 0.4.2 8.00 56.00 64.00 OK
r-release-windows-x86_64 0.4.2 8.00 70.00 78.00 OK
r-oldrel-macos-arm64 0.4.2 4.00 30.00 34.00 OK
r-oldrel-macos-x86_64 0.4.2 6.00 43.00 49.00 OK
r-oldrel-windows-x86_64 0.4.2 11.00 92.00 103.00 OK

Check Details

Version: 0.4.2
Check: CRAN incoming feasibility
Result: NOTE Maintainer: ‘WenSui Liu <liuwensui@gmail.com>’ No Authors@R field in DESCRIPTION. Please add one, modifying Authors@R: person(given = "WenSui", family = "Liu", role = c("aut", "cre"), email = "liuwensui@gmail.com") as necessary. Flavors: r-devel-linux-x86_64-debian-clang, r-devel-linux-x86_64-debian-gcc

These binaries (installable software) and packages are in development.
They may not be fully stable and should be used with caution. We make no claims about them.