Last updated on 2025-02-16 12:53:44 CET.
Flavor | Version | Tinstall | Tcheck | Ttotal | Status | Flags |
---|---|---|---|---|---|---|
r-devel-linux-x86_64-debian-clang | 0.2.1 | 1.96 | 34.92 | 36.88 | NOTE | |
r-devel-linux-x86_64-debian-gcc | 0.2.1 | 1.74 | 25.76 | 27.50 | NOTE | |
r-devel-linux-x86_64-fedora-clang | 0.2.1 | 62.00 | NOTE | |||
r-devel-linux-x86_64-fedora-gcc | 0.2.1 | 69.52 | NOTE | |||
r-devel-macos-arm64 | 0.2.1 | 29.00 | NOTE | |||
r-devel-macos-x86_64 | 0.2.1 | 61.00 | NOTE | |||
r-devel-windows-x86_64 | 0.2.1 | 5.00 | 54.00 | 59.00 | NOTE | |
r-patched-linux-x86_64 | 0.2.1 | 2.18 | 32.63 | 34.81 | NOTE | |
r-release-linux-x86_64 | 0.2.1 | 1.87 | 33.36 | 35.23 | NOTE | |
r-release-macos-arm64 | 0.2.1 | 26.00 | NOTE | |||
r-release-macos-x86_64 | 0.2.1 | 44.00 | NOTE | |||
r-release-windows-x86_64 | 0.2.1 | 4.00 | 55.00 | 59.00 | NOTE | |
r-oldrel-macos-arm64 | 0.2.1 | 27.00 | NOTE | |||
r-oldrel-macos-x86_64 | 0.2.1 | 42.00 | NOTE | |||
r-oldrel-windows-x86_64 | 0.2.1 | 3.00 | 67.00 | 70.00 | NOTE |
Version: 0.2.1
Check: package subdirectories
Result: NOTE
Problems with news in ‘NEWS.md’:
No news entries found.
Flavors: r-devel-linux-x86_64-debian-clang, r-devel-linux-x86_64-debian-gcc, r-devel-linux-x86_64-fedora-clang, r-devel-linux-x86_64-fedora-gcc, r-devel-macos-arm64, r-devel-macos-x86_64, r-devel-windows-x86_64, r-patched-linux-x86_64, r-release-linux-x86_64, r-release-macos-arm64, r-release-macos-x86_64, r-release-windows-x86_64, r-oldrel-macos-arm64, r-oldrel-macos-x86_64, r-oldrel-windows-x86_64
These binaries (installable software) and packages are in development.
They may not be fully stable and should be used with caution. We make no claims about them.