CRAN Package Check Results for Package mobr

Last updated on 2025-05-01 12:49:34 CEST.

Flavor Version Tinstall Tcheck Ttotal Status Flags
r-devel-linux-x86_64-debian-clang 3.0.0 10.25 121.15 131.40 NOTE
r-devel-linux-x86_64-debian-gcc 3.0.0 6.25 88.28 94.53 OK
r-devel-linux-x86_64-fedora-clang 3.0.0 191.65 OK
r-devel-linux-x86_64-fedora-gcc 3.0.0 196.81 OK
r-devel-windows-x86_64 3.0.0 11.00 164.00 175.00 OK
r-patched-linux-x86_64 3.0.0 8.46 117.44 125.90 OK
r-release-linux-x86_64 OK
r-release-macos-arm64 3.0.0 59.00 OK
r-release-macos-x86_64 3.0.0 120.00 OK
r-release-windows-x86_64 3.0.0 12.00 165.00 177.00 OK
r-oldrel-macos-arm64 3.0.0 64.00 OK
r-oldrel-macos-x86_64 3.0.0 167.00 OK
r-oldrel-windows-x86_64 3.0.0 14.00 163.00 177.00 OK

Check Details

Version: 3.0.0
Check: examples
Result: NOTE Examples with CPU (user + system) or elapsed time > 5s user system elapsed plot.mob_out 7.027 0.03 7.919 get_delta_stats 6.725 0.14 6.964 Flavor: r-devel-linux-x86_64-debian-clang

Version: 3.0.0
Check: examples
Result: NA user system elapsed get_delta_stats 5.149 0.417 7.651 OK Flavor: r-devel-linux-x86_64-debian-gcc

These binaries (installable software) and packages are in development.
They may not be fully stable and should be used with caution. We make no claims about them.