Last updated on 2025-05-01 08:52:38 CEST.
Flavor | Version | Tinstall | Tcheck | Ttotal | Status | Flags |
---|---|---|---|---|---|---|
r-devel-linux-x86_64-debian-clang | 0.1.3 | 2.66 | 32.42 | 35.08 | NOTE | |
r-devel-linux-x86_64-debian-gcc | 0.1.3 | 2.72 | 26.21 | 28.93 | OK | |
r-devel-linux-x86_64-fedora-clang | 0.1.3 | 58.84 | OK | |||
r-devel-linux-x86_64-fedora-gcc | 0.1.3 | 56.64 | OK | |||
r-devel-windows-x86_64 | 0.1.3 | 4.00 | 53.00 | 57.00 | OK | |
r-patched-linux-x86_64 | 0.1.3 | 3.17 | 30.64 | 33.81 | OK | |
r-release-linux-x86_64 | OK | |||||
r-release-macos-arm64 | 0.1.3 | 4.00 | ERROR | |||
r-release-macos-x86_64 | 0.1.3 | 5.00 | ERROR | |||
r-release-windows-x86_64 | 0.1.3 | 4.00 | 56.00 | 60.00 | OK | |
r-oldrel-macos-arm64 | 0.1.3 | 9.00 | ERROR | |||
r-oldrel-macos-x86_64 | 0.1.3 | 11.00 | ERROR | |||
r-oldrel-windows-x86_64 | 0.1.3 | 4.00 | 58.00 | 62.00 | OK |
Version: 0.1.3
Check: examples
Result: NOTE
Examples with CPU (user + system) or elapsed time > 5s
user system elapsed
moc.gabk 7.093 0.055 9.342
Flavor: r-devel-linux-x86_64-debian-clang
Version: 0.1.3
Check: package dependencies
Result: ERROR
Package required but not available: ‘doMPI’
See section ‘The DESCRIPTION file’ in the ‘Writing R Extensions’
manual.
Flavors: r-release-macos-arm64, r-release-macos-x86_64, r-oldrel-macos-arm64, r-oldrel-macos-x86_64
These binaries (installable software) and packages are in development.
They may not be fully stable and should be used with caution. We make no claims about them.