Last updated on 2024-07-27 15:50:26 CEST.
Flavor | Version | Tinstall | Tcheck | Ttotal | Status | Flags |
---|---|---|---|---|---|---|
r-devel-linux-x86_64-debian-clang | 0.1.3 | 2.23 | 26.32 | 28.55 | NOTE | |
r-devel-linux-x86_64-debian-gcc | 0.1.3 | NOTE | ||||
r-devel-linux-x86_64-fedora-clang | 0.1.3 | 35.50 | NOTE | |||
r-devel-linux-x86_64-fedora-gcc | 0.1.3 | 33.00 | NOTE | |||
r-devel-windows-x86_64 | 0.1.3 | 3.00 | 45.00 | 48.00 | NOTE | |
r-patched-linux-x86_64 | 0.1.3 | NOTE | ||||
r-release-linux-x86_64 | 0.1.3 | 1.81 | 24.11 | 25.92 | NOTE | |
r-release-macos-arm64 | 0.1.3 | 15.00 | NOTE | |||
r-release-macos-x86_64 | 0.1.3 | 37.00 | NOTE | |||
r-release-windows-x86_64 | 0.1.3 | 3.00 | 43.00 | 46.00 | NOTE | |
r-oldrel-macos-arm64 | 0.1.3 | 18.00 | NOTE | |||
r-oldrel-macos-x86_64 | 0.1.3 | 22.00 | NOTE | |||
r-oldrel-windows-x86_64 | 0.1.3 | 3.00 | 45.00 | 48.00 | NOTE |
Version: 0.1.3
Check: LazyData
Result: NOTE
'LazyData' is specified without a 'data' directory
Flavors: r-devel-linux-x86_64-debian-clang, r-devel-linux-x86_64-debian-gcc, r-devel-linux-x86_64-fedora-clang, r-devel-linux-x86_64-fedora-gcc, r-devel-windows-x86_64, r-patched-linux-x86_64, r-release-linux-x86_64, r-release-macos-arm64, r-release-macos-x86_64, r-release-windows-x86_64, r-oldrel-macos-arm64, r-oldrel-macos-x86_64, r-oldrel-windows-x86_64
These binaries (installable software) and packages are in development.
They may not be fully stable and should be used with caution. We make no claims about them.