Last updated on 2025-10-27 11:50:23 CET.
| Flavor | Version | Tinstall | Tcheck | Ttotal | Status | Flags |
|---|---|---|---|---|---|---|
| r-devel-linux-x86_64-debian-clang | 0.1.3 | 2.00 | 23.90 | 25.90 | OK | |
| r-devel-linux-x86_64-debian-gcc | 0.1.3 | 1.43 | 19.88 | 21.31 | OK | |
| r-devel-linux-x86_64-fedora-clang | 0.1.3 | 36.10 | OK | |||
| r-devel-linux-x86_64-fedora-gcc | 0.1.3 | 34.27 | OK | |||
| r-devel-windows-x86_64 | 0.1.3 | 2.00 | 41.00 | 43.00 | OK | |
| r-patched-linux-x86_64 | 0.1.3 | 1.85 | 21.10 | 22.95 | OK | |
| r-release-linux-x86_64 | 0.1.3 | 1.79 | 20.92 | 22.71 | OK | |
| r-release-macos-arm64 | 0.1.3 | 1.00 | 16.00 | 17.00 | OK | |
| r-release-macos-x86_64 | 0.1.3 | 2.00 | 26.00 | 28.00 | OK | |
| r-release-windows-x86_64 | 0.1.3 | 3.00 | 54.00 | 57.00 | OK | |
| r-oldrel-macos-arm64 | 0.1.3 | 1.00 | 14.00 | 15.00 | NOTE | |
| r-oldrel-macos-x86_64 | 0.1.3 | 2.00 | 35.00 | 37.00 | NOTE | |
| r-oldrel-windows-x86_64 | 0.1.3 | 4.00 | 47.00 | 51.00 | NOTE |
Version: 0.1.3
Check: LazyData
Result: NOTE
'LazyData' is specified without a 'data' directory
Flavors: r-oldrel-macos-arm64, r-oldrel-macos-x86_64, r-oldrel-windows-x86_64
These binaries (installable software) and packages are in development.
They may not be fully stable and should be used with caution. We make no claims about them.