CRAN Package Check Results for Package mod09nrt

Last updated on 2025-02-16 08:50:54 CET.

Flavor Version Tinstall Tcheck Ttotal Status Flags
r-devel-linux-x86_64-debian-clang 0.14 1.44 16.85 18.29 OK
r-devel-linux-x86_64-debian-gcc 0.14 1.41 14.23 15.64 OK
r-devel-linux-x86_64-fedora-clang 0.14 30.42 OK
r-devel-linux-x86_64-fedora-gcc 0.14 28.13 OK
r-devel-macos-arm64 0.14 17.00 OK
r-devel-macos-x86_64 0.14 30.00 OK
r-devel-windows-x86_64 0.14 2.00 36.00 38.00 OK
r-patched-linux-x86_64 0.14 1.45 16.31 17.76 NOTE
r-release-linux-x86_64 0.14 1.59 16.19 17.78 NOTE
r-release-macos-arm64 0.14 16.00 NOTE
r-release-macos-x86_64 0.14 35.00 NOTE
r-release-windows-x86_64 0.14 2.00 36.00 38.00 NOTE
r-oldrel-macos-arm64 0.14 17.00 NOTE
r-oldrel-macos-x86_64 0.14 24.00 NOTE
r-oldrel-windows-x86_64 0.14 3.00 37.00 40.00 NOTE

Check Details

Version: 0.14
Check: LazyData
Result: NOTE 'LazyData' is specified without a 'data' directory Flavors: r-patched-linux-x86_64, r-release-linux-x86_64, r-release-macos-arm64, r-release-macos-x86_64, r-release-windows-x86_64, r-oldrel-macos-arm64, r-oldrel-macos-x86_64, r-oldrel-windows-x86_64

These binaries (installable software) and packages are in development.
They may not be fully stable and should be used with caution. We make no claims about them.