Last updated on 2024-07-27 15:50:26 CEST.
Flavor | Version | Tinstall | Tcheck | Ttotal | Status | Flags |
---|---|---|---|---|---|---|
r-devel-linux-x86_64-debian-clang | 2.0.1 | 8.15 | 66.85 | 75.00 | OK | |
r-devel-linux-x86_64-debian-gcc | 2.0.1 | OK | ||||
r-devel-linux-x86_64-fedora-clang | 2.0.1 | 94.72 | NOTE | |||
r-devel-linux-x86_64-fedora-gcc | 2.0.1 | 88.24 | NOTE | |||
r-devel-windows-x86_64 | 2.0.1 | 10.00 | 72.00 | 82.00 | OK | |
r-patched-linux-x86_64 | 2.0.1 | OK | ||||
r-release-linux-x86_64 | 2.0.1 | 4.67 | 63.74 | 68.41 | OK | |
r-release-macos-arm64 | 2.0.1 | 34.00 | OK | |||
r-release-macos-x86_64 | 2.0.1 | 44.00 | OK | |||
r-release-windows-x86_64 | 2.0.1 | 9.00 | 72.00 | 81.00 | OK | |
r-oldrel-macos-arm64 | 2.0.1 | 40.00 | OK | |||
r-oldrel-macos-x86_64 | 2.0.1 | 69.00 | OK | |||
r-oldrel-windows-x86_64 | 2.0.1 | 9.00 | 87.00 | 96.00 | OK |
Version: 2.0.1
Check: dependencies in R code
Result: NOTE
Namespace in Imports field not imported from: ‘tibble’
All declared Imports should be used.
Flavors: r-devel-linux-x86_64-fedora-clang, r-devel-linux-x86_64-fedora-gcc
These binaries (installable software) and packages are in development.
They may not be fully stable and should be used with caution. We make no claims about them.