Last updated on 2025-10-03 13:49:40 CEST.
Flavor | Version | Tinstall | Tcheck | Ttotal | Status | Flags |
---|---|---|---|---|---|---|
r-devel-linux-x86_64-debian-clang | 2.0.1 | 8.40 | 70.67 | 79.07 | OK | |
r-devel-linux-x86_64-debian-gcc | 2.0.1 | 5.86 | 51.72 | 57.58 | OK | |
r-devel-linux-x86_64-fedora-clang | 2.0.1 | 115.96 | NOTE | |||
r-devel-linux-x86_64-fedora-gcc | 2.0.1 | 114.61 | NOTE | |||
r-devel-windows-x86_64 | 2.0.1 | 9.00 | 84.00 | 93.00 | OK | |
r-patched-linux-x86_64 | 2.0.1 | 7.84 | 65.48 | 73.32 | OK | |
r-release-linux-x86_64 | 2.0.1 | 8.00 | 64.46 | 72.46 | OK | |
r-release-macos-arm64 | 2.0.1 | 33.00 | OK | |||
r-release-macos-x86_64 | 2.0.1 | 87.00 | OK | |||
r-release-windows-x86_64 | 2.0.1 | 9.00 | 85.00 | 94.00 | OK | |
r-oldrel-macos-arm64 | 2.0.1 | 34.00 | OK | |||
r-oldrel-macos-x86_64 | 2.0.1 | 44.00 | OK | |||
r-oldrel-windows-x86_64 | 2.0.1 | 12.00 | 107.00 | 119.00 | OK |
Version: 2.0.1
Check: dependencies in R code
Result: NOTE
Namespace in Imports field not imported from: ‘tibble’
All declared Imports should be used.
Flavors: r-devel-linux-x86_64-fedora-clang, r-devel-linux-x86_64-fedora-gcc
These binaries (installable software) and packages are in development.
They may not be fully stable and should be used with caution. We make no claims about them.