CRAN Package Check Results for Package modACDC

Last updated on 2025-07-17 17:50:20 CEST.

Flavor Version Tinstall Tcheck Ttotal Status Flags
r-devel-linux-x86_64-debian-clang 2.0.1 7.64 62.17 69.81 OK
r-devel-linux-x86_64-debian-gcc 2.0.1 5.19 44.21 49.40 OK
r-devel-linux-x86_64-fedora-clang 2.0.1 100.38 NOTE
r-devel-linux-x86_64-fedora-gcc 2.0.1 95.92 NOTE
r-devel-windows-x86_64 2.0.1 9.00 73.00 82.00 OK
r-patched-linux-x86_64 2.0.1 6.98 54.30 61.28 OK
r-release-linux-x86_64 2.0.1 6.76 55.36 62.12 OK
r-release-macos-arm64 2.0.1 33.00 OK
r-release-macos-x86_64 2.0.1 87.00 OK
r-release-windows-x86_64 2.0.1 9.00 76.00 85.00 OK
r-oldrel-macos-arm64 2.0.1 34.00 OK
r-oldrel-macos-x86_64 2.0.1 44.00 OK
r-oldrel-windows-x86_64 2.0.1 11.00 98.00 109.00 OK

Check Details

Version: 2.0.1
Check: dependencies in R code
Result: NOTE Namespace in Imports field not imported from: ‘tibble’ All declared Imports should be used. Flavors: r-devel-linux-x86_64-fedora-clang, r-devel-linux-x86_64-fedora-gcc

These binaries (installable software) and packages are in development.
They may not be fully stable and should be used with caution. We make no claims about them.