Last updated on 2025-05-01 22:49:48 CEST.
Flavor | Version | Tinstall | Tcheck | Ttotal | Status | Flags |
---|---|---|---|---|---|---|
r-devel-linux-x86_64-debian-clang | 3.33 | 28.31 | 222.57 | 250.88 | NOTE | |
r-devel-linux-x86_64-debian-gcc | 3.34 | 15.41 | 136.39 | 151.80 | OK | |
r-devel-linux-x86_64-fedora-clang | 3.34 | 443.71 | OK | |||
r-devel-linux-x86_64-fedora-gcc | 3.34 | 388.36 | OK | |||
r-devel-windows-x86_64 | 3.34 | 23.00 | 190.00 | 213.00 | OK | |
r-patched-linux-x86_64 | 3.33 | 21.22 | 208.40 | 229.62 | OK | |
r-release-linux-x86_64 | OK | |||||
r-release-macos-arm64 | 3.34 | 98.00 | OK | |||
r-release-macos-x86_64 | 3.34 | 194.00 | OK | |||
r-release-windows-x86_64 | 3.34 | 24.00 | 192.00 | 216.00 | OK | |
r-oldrel-macos-arm64 | 3.34 | 89.00 | OK | |||
r-oldrel-macos-x86_64 | 3.34 | 196.00 | OK | |||
r-oldrel-windows-x86_64 | 3.33 | 32.00 | 270.00 | 302.00 | OK |
Version: 3.33
Check: examples
Result: NOTE
Examples with CPU (user + system) or elapsed time > 5s
user system elapsed
multModEv 5.107 0.008 6.580
modEvA-package 4.322 0.008 5.304
Flavor: r-devel-linux-x86_64-debian-clang
These binaries (installable software) and packages are in development.
They may not be fully stable and should be used with caution. We make no claims about them.