Last updated on 2025-10-24 05:50:47 CEST.
| Flavor | Version | Tinstall | Tcheck | Ttotal | Status | Flags |
|---|---|---|---|---|---|---|
| r-devel-linux-x86_64-debian-clang | 1.1 | 6.85 | 56.03 | 62.88 | NOTE | |
| r-devel-linux-x86_64-debian-gcc | 1.1 | 4.26 | 38.78 | 43.04 | NOTE | |
| r-devel-linux-x86_64-fedora-clang | 1.1 | 15.00 | 81.70 | 96.70 | OK | |
| r-devel-linux-x86_64-fedora-gcc | 1.1 | 13.00 | 75.41 | 88.41 | OK | |
| r-devel-windows-x86_64 | 1.1 | 7.00 | 68.00 | 75.00 | OK | |
| r-patched-linux-x86_64 | 1.1 | 5.76 | 53.45 | 59.21 | OK | |
| r-release-linux-x86_64 | 1.1 | 6.96 | 52.25 | 59.21 | OK | |
| r-release-macos-arm64 | 1.1 | 4.00 | 35.00 | 39.00 | OK | |
| r-release-macos-x86_64 | 1.1 | 6.00 | 50.00 | 56.00 | OK | |
| r-release-windows-x86_64 | 1.1 | 8.00 | 70.00 | 78.00 | OK | |
| r-oldrel-macos-arm64 | 1.1 | 3.00 | 28.00 | 31.00 | OK | |
| r-oldrel-macos-x86_64 | 1.1 | 4.00 | 37.00 | 41.00 | OK | |
| r-oldrel-windows-x86_64 | 1.1 | 11.00 | 82.00 | 93.00 | OK |
Version: 1.1
Check: CRAN incoming feasibility
Result: NOTE
Maintainer: ‘Maria Schelling <schelling.rmaintainer@vodafone.de>’
No Authors@R field in DESCRIPTION.
Please add one, modifying
Authors@R: c(person(given = "Maria",
family = "Schelling",
role = c("aut", "cre"),
email = "schelling.rmaintainer@vodafone.de"),
person(given = "Cang",
family = "Hui",
role = "aut"))
as necessary.
Flavors: r-devel-linux-x86_64-debian-clang, r-devel-linux-x86_64-debian-gcc
These binaries (installable software) and packages are in development.
They may not be fully stable and should be used with caution. We make no claims about them.