CRAN Package Check Results for Package modTurPoint

Last updated on 2025-05-25 09:49:49 CEST.

Flavor Version Tinstall Tcheck Ttotal Status Flags
r-devel-linux-x86_64-debian-clang 0.1.0 1.61 17.07 18.68 NOTE
r-devel-linux-x86_64-debian-gcc 0.1.0 1.34 14.92 16.26 NOTE
r-devel-linux-x86_64-fedora-clang 0.1.0 30.19 OK
r-devel-linux-x86_64-fedora-gcc 0.1.0 28.09 OK
r-devel-windows-x86_64 0.1.0 2.00 45.00 47.00 OK
r-patched-linux-x86_64 0.1.0 1.69 16.51 18.20 OK
r-release-linux-x86_64 0.1.0 1.66 16.58 18.24 OK
r-release-macos-arm64 0.1.0 17.00 OK
r-release-macos-x86_64 0.1.0 23.00 OK
r-release-windows-x86_64 0.1.0 2.00 47.00 49.00 OK
r-oldrel-macos-arm64 0.1.0 14.00 OK
r-oldrel-macos-x86_64 0.1.0 19.00 OK
r-oldrel-windows-x86_64 0.1.0 2.00 38.00 40.00 OK

Check Details

Version: 0.1.0
Check: CRAN incoming feasibility
Result: NOTE Maintainer: ‘Yongbo Gan <yongbogan@whu.edu.cn>’ No Authors@R field in DESCRIPTION. Please add one, modifying Authors@R: c(person(given = "Yongbo", family = "Gan", role = c("aut", "cre"), email = "yongbogan@whu.edu.cn"), person(given = "Zhijian", family = "Yang", role = "aut"), person(given = "Wei", family = "Mei", role = "aut")) as necessary. Flavors: r-devel-linux-x86_64-debian-clang, r-devel-linux-x86_64-debian-gcc

These binaries (installable software) and packages are in development.
They may not be fully stable and should be used with caution. We make no claims about them.