Last updated on 2025-05-01 08:52:38 CEST.
Flavor | Version | Tinstall | Tcheck | Ttotal | Status | Flags |
---|---|---|---|---|---|---|
r-devel-linux-x86_64-debian-clang | 1.0.4 | 57.92 | 83.77 | 141.69 | NOTE | |
r-devel-linux-x86_64-debian-gcc | 1.0.4 | 38.97 | 61.62 | 100.59 | NOTE | |
r-devel-linux-x86_64-fedora-clang | 1.0.4 | 235.93 | NOTE | |||
r-devel-linux-x86_64-fedora-gcc | 1.0.4 | 244.76 | NOTE | |||
r-devel-windows-x86_64 | 1.0.4 | 65.00 | 117.00 | 182.00 | NOTE | |
r-patched-linux-x86_64 | 1.0.4 | 55.16 | 79.50 | 134.66 | NOTE | |
r-release-linux-x86_64 | NOTE | |||||
r-release-macos-arm64 | 1.0.4 | 87.00 | NOTE | |||
r-release-macos-x86_64 | 1.0.4 | 119.00 | NOTE | |||
r-release-windows-x86_64 | 1.0.4 | 68.00 | 119.00 | 187.00 | NOTE | |
r-oldrel-macos-arm64 | 1.0.4 | 68.00 | NOTE | |||
r-oldrel-macos-x86_64 | 1.0.4 | 86.00 | NOTE | |||
r-oldrel-windows-x86_64 | 1.0.4 | 74.00 | 142.00 | 216.00 | NOTE |
Version: 1.0.4
Check: CRAN incoming feasibility
Result: NOTE
Maintainer: ‘Shana Scogin <shanarscogin@gmail.com>’
No Authors@R field in DESCRIPTION.
Please add one, modifying
Authors@R: c(person(given = "Shana",
family = "Scogin",
role = c("aut", "cre"),
email = "shanarscogin@gmail.com"),
person(given = "Sarah",
family = "Petersen",
role = "aut",
email = "sarahllpetersen@gmail.com"),
person(given = "Jeff",
family = "Harden",
role = "aut",
email = "jeff.harden@nd.edu"),
person(given = c("Bruce", "A."),
family = "Desmarais",
role = "aut",
email = "bdesmarais@psu.edu"))
as necessary.
Flavors: r-devel-linux-x86_64-debian-clang, r-devel-linux-x86_64-debian-gcc
Version: 1.0.4
Check: C++ specification
Result: NOTE
Specified C++11: please drop specification unless essential
Flavors: r-devel-linux-x86_64-debian-clang, r-devel-linux-x86_64-debian-gcc, r-devel-linux-x86_64-fedora-clang, r-devel-linux-x86_64-fedora-gcc, r-devel-windows-x86_64, r-patched-linux-x86_64, r-release-linux-x86_64, r-release-macos-arm64, r-release-macos-x86_64, r-release-windows-x86_64, r-oldrel-macos-arm64, r-oldrel-macos-x86_64, r-oldrel-windows-x86_64
These binaries (installable software) and packages are in development.
They may not be fully stable and should be used with caution. We make no claims about them.