Last updated on 2025-05-01 12:49:34 CEST.
Flavor | Version | Tinstall | Tcheck | Ttotal | Status | Flags |
---|---|---|---|---|---|---|
r-devel-linux-x86_64-debian-clang | 1.1 | 6.69 | 172.17 | 178.86 | NOTE | |
r-devel-linux-x86_64-debian-gcc | 1.1 | 4.08 | 121.90 | 125.98 | NOTE | |
r-devel-linux-x86_64-fedora-clang | 1.1 | 257.21 | NOTE | |||
r-devel-linux-x86_64-fedora-gcc | 1.1 | 242.72 | NOTE | |||
r-devel-windows-x86_64 | 1.1 | 8.00 | 185.00 | 193.00 | NOTE | |
r-patched-linux-x86_64 | 1.1 | 6.11 | 165.18 | 171.29 | NOTE | |
r-release-linux-x86_64 | NOTE | |||||
r-release-macos-arm64 | 1.1 | 77.00 | NOTE | |||
r-release-macos-x86_64 | 1.1 | 152.00 | NOTE | |||
r-release-windows-x86_64 | 1.1 | 8.00 | 195.00 | 203.00 | NOTE | |
r-oldrel-macos-arm64 | 1.1 | 61.00 | NOTE | |||
r-oldrel-macos-x86_64 | 1.1 | 82.00 | NOTE | |||
r-oldrel-windows-x86_64 | 1.1 | 10.00 | 220.00 | 230.00 | NOTE |
Version: 1.1
Check: Rd files
Result: NOTE
checkRd: (-1) modelDown.Rd:28: Lost braces in \itemize; meant \describe ?
checkRd: (-1) modelDown.Rd:29: Lost braces in \itemize; meant \describe ?
checkRd: (-1) modelDown.Rd:30: Lost braces in \itemize; meant \describe ?
checkRd: (-1) modelDown.Rd:31: Lost braces in \itemize; meant \describe ?
Flavors: r-devel-linux-x86_64-debian-clang, r-devel-linux-x86_64-debian-gcc, r-devel-linux-x86_64-fedora-clang, r-devel-linux-x86_64-fedora-gcc, r-devel-windows-x86_64, r-patched-linux-x86_64, r-release-linux-x86_64, r-release-macos-arm64, r-release-macos-x86_64, r-release-windows-x86_64, r-oldrel-macos-arm64, r-oldrel-macos-x86_64, r-oldrel-windows-x86_64
Version: 1.1
Check: dependencies in R code
Result: NOTE
Namespaces in Imports field not imported from:
‘DALEX’ ‘DT’ ‘auditor’ ‘breakDown’ ‘drifter’ ‘svglite’
All declared Imports should be used.
Flavors: r-devel-linux-x86_64-fedora-clang, r-devel-linux-x86_64-fedora-gcc
Version: 1.1
Check: LazyData
Result: NOTE
'LazyData' is specified without a 'data' directory
Flavors: r-oldrel-macos-arm64, r-oldrel-macos-x86_64, r-oldrel-windows-x86_64
These binaries (installable software) and packages are in development.
They may not be fully stable and should be used with caution. We make no claims about them.