CRAN Package Check Results for Package modelDown

Last updated on 2025-11-12 19:51:55 CET.

Flavor Version Tinstall Tcheck Ttotal Status Flags
r-devel-linux-x86_64-debian-clang 1.1 7.78 184.98 192.76 NOTE
r-devel-linux-x86_64-debian-gcc 1.1 5.23 133.27 138.50 NOTE
r-devel-linux-x86_64-fedora-clang 1.1 15.00 262.47 277.47 NOTE
r-devel-linux-x86_64-fedora-gcc 1.1 16.00 251.56 267.56 NOTE
r-devel-windows-x86_64 1.1 10.00 174.00 184.00 NOTE
r-patched-linux-x86_64 1.1 7.13 182.86 189.99 NOTE
r-release-linux-x86_64 1.1 7.41 181.78 189.19 NOTE
r-release-macos-arm64 1.1 3.00 74.00 77.00 NOTE
r-release-macos-x86_64 1.1 9.00 143.00 152.00 NOTE
r-release-windows-x86_64 1.1 9.00 174.00 183.00 NOTE
r-oldrel-macos-arm64 1.1 3.00 58.00 61.00 NOTE
r-oldrel-macos-x86_64 1.1 4.00 78.00 82.00 NOTE
r-oldrel-windows-x86_64 1.1 15.00 226.00 241.00 NOTE

Check Details

Version: 1.1
Check: Rd files
Result: NOTE checkRd: (-1) modelDown.Rd:28: Lost braces in \itemize; meant \describe ? checkRd: (-1) modelDown.Rd:29: Lost braces in \itemize; meant \describe ? checkRd: (-1) modelDown.Rd:30: Lost braces in \itemize; meant \describe ? checkRd: (-1) modelDown.Rd:31: Lost braces in \itemize; meant \describe ? Flavors: r-devel-linux-x86_64-debian-clang, r-devel-linux-x86_64-debian-gcc, r-devel-linux-x86_64-fedora-clang, r-devel-linux-x86_64-fedora-gcc, r-devel-windows-x86_64, r-patched-linux-x86_64, r-release-linux-x86_64, r-release-macos-arm64, r-release-macos-x86_64, r-release-windows-x86_64, r-oldrel-macos-arm64, r-oldrel-macos-x86_64, r-oldrel-windows-x86_64

Version: 1.1
Check: dependencies in R code
Result: NOTE Namespaces in Imports field not imported from: ‘DALEX’ ‘DT’ ‘auditor’ ‘breakDown’ ‘drifter’ ‘svglite’ All declared Imports should be used. Flavors: r-devel-linux-x86_64-fedora-clang, r-devel-linux-x86_64-fedora-gcc

Version: 1.1
Check: LazyData
Result: NOTE 'LazyData' is specified without a 'data' directory Flavors: r-oldrel-macos-arm64, r-oldrel-macos-x86_64, r-oldrel-windows-x86_64

These binaries (installable software) and packages are in development.
They may not be fully stable and should be used with caution. We make no claims about them.