Last updated on 2025-05-01 17:56:09 CEST.
Flavor | Version | Tinstall | Tcheck | Ttotal | Status | Flags |
---|---|---|---|---|---|---|
r-devel-linux-x86_64-debian-clang | 4.2 | 3.25 | 29.56 | 32.81 | NOTE | |
r-devel-linux-x86_64-debian-gcc | 4.2 | 2.68 | 23.73 | 26.41 | NOTE | |
r-devel-linux-x86_64-fedora-clang | 4.2 | 52.03 | OK | |||
r-devel-linux-x86_64-fedora-gcc | 4.2 | 64.05 | OK | |||
r-devel-windows-x86_64 | 4.2 | 4.00 | 67.00 | 71.00 | OK | |
r-patched-linux-x86_64 | 4.2 | 3.97 | 28.71 | 32.68 | OK | |
r-release-linux-x86_64 | OK | |||||
r-release-macos-arm64 | 4.2 | 27.00 | OK | |||
r-release-macos-x86_64 | 4.2 | 47.00 | OK | |||
r-release-windows-x86_64 | 4.2 | 4.00 | 70.00 | 74.00 | OK | |
r-oldrel-macos-arm64 | 4.2 | 25.00 | OK | |||
r-oldrel-macos-x86_64 | 4.2 | 40.00 | OK | |||
r-oldrel-windows-x86_64 | 4.2 | 4.00 | 66.00 | 70.00 | OK |
Version: 4.2
Check: CRAN incoming feasibility
Result: NOTE
Maintainer: ‘Shannon T. Holloway <shannon.t.holloway@gmail.com>’
No Authors@R field in DESCRIPTION.
Please add one, modifying
Authors@R: person(given = c("Shannon", "T."),
family = "Holloway",
role = c("aut", "cre"),
email = "shannon.t.holloway@gmail.com")
as necessary.
Flavors: r-devel-linux-x86_64-debian-clang, r-devel-linux-x86_64-debian-gcc
These binaries (installable software) and packages are in development.
They may not be fully stable and should be used with caution. We make no claims about them.