CRAN Package Check Results for Package modeldata

Last updated on 2025-05-08 04:52:11 CEST.

Flavor Version Tinstall Tcheck Ttotal Status Flags
r-devel-linux-x86_64-debian-clang 1.4.0 19.91 49.44 69.35 OK
r-devel-linux-x86_64-debian-gcc 1.4.0 14.31 37.82 52.13 OK
r-devel-linux-x86_64-fedora-clang 1.4.0 105.78 OK
r-devel-linux-x86_64-fedora-gcc 1.4.0 103.65 OK
r-devel-windows-x86_64 1.4.0 24.00 80.00 104.00 OK
r-patched-linux-x86_64 1.4.0 21.24 45.32 66.56 OK
r-release-linux-x86_64 1.4.0 20.95 45.69 66.64 OK
r-release-macos-arm64 1.4.0 40.00 OK
r-release-macos-x86_64 1.4.0 66.00 OK
r-release-windows-x86_64 1.4.0 24.00 81.00 105.00 OK
r-oldrel-macos-arm64 1.4.0 42.00 NOTE
r-oldrel-macos-x86_64 1.4.0 90.00 NOTE
r-oldrel-windows-x86_64 1.4.0 28.00 92.00 120.00 OK

Check Details

Version: 1.4.0
Check: installed package size
Result: NOTE installed size is 5.4Mb sub-directories of 1Mb or more: data 5.2Mb Flavors: r-oldrel-macos-arm64, r-oldrel-macos-x86_64

These binaries (installable software) and packages are in development.
They may not be fully stable and should be used with caution. We make no claims about them.