CRAN Package Check Results for Package modeldata

Last updated on 2025-07-25 00:49:29 CEST.

Flavor Version Tinstall Tcheck Ttotal Status Flags
r-devel-linux-x86_64-debian-clang 1.4.0 19.35 51.06 70.41 OK
r-devel-linux-x86_64-debian-gcc 1.4.0 13.84 36.94 50.78 OK
r-devel-linux-x86_64-fedora-clang 1.4.0 107.22 OK
r-devel-linux-x86_64-fedora-gcc 1.4.0 107.00 OK
r-devel-windows-x86_64 1.4.0 25.00 89.00 114.00 OK
r-patched-linux-x86_64 1.4.0 20.09 45.90 65.99 OK
r-release-linux-x86_64 1.4.0 19.53 46.13 65.66 OK
r-release-macos-arm64 1.4.0 40.00 OK
r-release-macos-x86_64 1.4.0 66.00 OK
r-release-windows-x86_64 1.4.0 22.00 82.00 104.00 OK
r-oldrel-macos-arm64 1.4.0 42.00 NOTE
r-oldrel-macos-x86_64 1.4.0 90.00 NOTE
r-oldrel-windows-x86_64 1.4.0 29.00 100.00 129.00 OK

Check Details

Version: 1.4.0
Check: installed package size
Result: NOTE installed size is 5.4Mb sub-directories of 1Mb or more: data 5.2Mb Flavors: r-oldrel-macos-arm64, r-oldrel-macos-x86_64

These binaries (installable software) and packages are in development.
They may not be fully stable and should be used with caution. We make no claims about them.