Last updated on 2025-02-02 19:48:27 CET.
Flavor | Version | Tinstall | Tcheck | Ttotal | Status | Flags |
---|---|---|---|---|---|---|
r-devel-linux-x86_64-debian-clang | 1.2.0 | 13.81 | 127.34 | 141.15 | NOTE | |
r-devel-linux-x86_64-debian-gcc | 1.2.0 | 9.75 | 90.90 | 100.65 | NOTE | |
r-devel-linux-x86_64-fedora-clang | 1.2.0 | 226.73 | OK | |||
r-devel-linux-x86_64-fedora-gcc | 1.2.0 | 269.78 | OK | |||
r-devel-windows-x86_64 | 1.2.0 | 13.00 | 132.00 | 145.00 | NOTE | |
r-patched-linux-x86_64 | 1.2.0 | 16.73 | 118.22 | 134.95 | OK | |
r-release-linux-x86_64 | 1.2.0 | 11.71 | 119.14 | 130.85 | OK | |
r-release-macos-arm64 | 1.2.0 | 98.00 | OK | |||
r-release-macos-x86_64 | 1.2.0 | 132.00 | OK | |||
r-release-windows-x86_64 | 1.2.0 | 13.00 | 129.00 | 142.00 | OK | |
r-oldrel-macos-arm64 | 1.2.0 | 103.00 | OK | |||
r-oldrel-macos-x86_64 | 1.2.0 | 232.00 | OK | |||
r-oldrel-windows-x86_64 | 1.2.0 | 18.00 | 172.00 | 190.00 | OK |
Version: 1.2.0
Check: Rd cross-references
Result: NOTE
Found the following Rd file(s) with Rd \link{} targets missing package
anchors:
model_grid.Rd: train
Please provide package anchors for all Rd \link{} targets not in the
package itself and the base packages.
Flavors: r-devel-linux-x86_64-debian-clang, r-devel-linux-x86_64-debian-gcc, r-devel-windows-x86_64
These binaries (installable software) and packages are in development.
They may not be fully stable and should be used with caution. We make no claims about them.