Last updated on 2025-07-02 01:51:43 CEST.
Flavor | Version | Tinstall | Tcheck | Ttotal | Status | Flags |
---|---|---|---|---|---|---|
r-devel-linux-x86_64-debian-clang | 2.4.0 | 11.05 | 72.96 | 84.01 | OK | |
r-devel-linux-x86_64-debian-gcc | 2.4.0 | 5.99 | 51.96 | 57.95 | OK | |
r-devel-linux-x86_64-fedora-clang | 2.4.0 | 136.61 | OK | |||
r-devel-linux-x86_64-fedora-gcc | 2.4.0 | 130.22 | OK | |||
r-devel-windows-x86_64 | 2.4.0 | 12.00 | 95.00 | 107.00 | OK | |
r-patched-linux-x86_64 | OK | |||||
r-release-linux-x86_64 | 2.4.0 | 7.94 | 66.16 | 74.10 | OK | |
r-release-macos-arm64 | 2.4.0 | 37.00 | OK | |||
r-release-macos-x86_64 | 2.4.0 | 65.00 | OK | |||
r-release-windows-x86_64 | 2.4.0 | 14.00 | 91.00 | 105.00 | OK | |
r-oldrel-macos-arm64 | 2.4.0 | 37.00 | NOTE | |||
r-oldrel-macos-x86_64 | 2.4.0 | 68.00 | NOTE | |||
r-oldrel-windows-x86_64 | 2.4.0 | 17.00 | 110.00 | 127.00 | OK |
Version: 2.4.0
Check: installed package size
Result: NOTE
installed size is 5.0Mb
sub-directories of 1Mb or more:
help 2.8Mb
tinytest 1.8Mb
Flavors: r-oldrel-macos-arm64, r-oldrel-macos-x86_64
These binaries (installable software) and packages are in development.
They may not be fully stable and should be used with caution. We make no claims about them.