Last updated on 2025-02-23 01:51:47 CET.
Flavor | Version | Tinstall | Tcheck | Ttotal | Status | Flags |
---|---|---|---|---|---|---|
r-devel-linux-x86_64-debian-clang | 0.2.3 | 24.89 | 245.58 | 270.47 | OK | |
r-devel-linux-x86_64-debian-gcc | 0.2.3 | 17.17 | 171.88 | 189.05 | OK | |
r-devel-linux-x86_64-fedora-clang | 0.2.3 | 436.32 | NOTE | |||
r-devel-linux-x86_64-fedora-gcc | 0.2.3 | 427.78 | NOTE | |||
r-devel-macos-arm64 | 0.2.3 | 131.00 | OK | |||
r-devel-macos-x86_64 | 0.2.3 | 262.00 | OK | |||
r-devel-windows-x86_64 | 0.2.3 | 24.00 | 206.00 | 230.00 | OK | |
r-patched-linux-x86_64 | 0.2.3 | 22.49 | 228.58 | 251.07 | OK | |
r-release-linux-x86_64 | 0.2.3 | 21.31 | 230.03 | 251.34 | OK | |
r-release-macos-arm64 | 0.2.3 | 137.00 | OK | |||
r-release-macos-x86_64 | 0.2.3 | 203.00 | OK | |||
r-release-windows-x86_64 | 0.2.3 | 24.00 | 206.00 | 230.00 | OK | |
r-oldrel-macos-arm64 | 0.2.3 | 86.00 | OK | |||
r-oldrel-macos-x86_64 | 0.2.3 | 263.00 | OK | |||
r-oldrel-windows-x86_64 | 0.2.3 | 31.00 | 265.00 | 296.00 | OK |
Version: 0.2.3
Check: dependencies in R code
Result: NOTE
Namespaces in Imports field not imported from:
‘crayon’ ‘dials’ ‘glue’ ‘parsnip’
All declared Imports should be used.
Flavors: r-devel-linux-x86_64-fedora-clang, r-devel-linux-x86_64-fedora-gcc
These binaries (installable software) and packages are in development.
They may not be fully stable and should be used with caution. We make no claims about them.