CRAN Package Check Results for Package modeltime.resample

Last updated on 2025-07-02 01:51:43 CEST.

Flavor Version Tinstall Tcheck Ttotal Status Flags
r-devel-linux-x86_64-debian-clang 0.2.3 23.60 265.96 289.56 OK
r-devel-linux-x86_64-debian-gcc 0.2.3 16.58 187.23 203.81 OK
r-devel-linux-x86_64-fedora-clang 0.2.3 437.41 NOTE
r-devel-linux-x86_64-fedora-gcc 0.2.3 461.40 NOTE
r-devel-windows-x86_64 0.2.3 26.00 225.00 251.00 OK
r-patched-linux-x86_64 OK
r-release-linux-x86_64 0.2.3 22.94 246.07 269.01 OK
r-release-macos-arm64 0.2.3 136.00 OK
r-release-macos-x86_64 0.2.3 262.00 OK
r-release-windows-x86_64 0.2.3 27.00 221.00 248.00 OK
r-oldrel-macos-arm64 0.2.3 137.00 OK
r-oldrel-macos-x86_64 0.2.3 203.00 OK
r-oldrel-windows-x86_64 0.2.3 28.00 305.00 333.00 OK

Check Details

Version: 0.2.3
Check: dependencies in R code
Result: NOTE Namespaces in Imports field not imported from: ‘crayon’ ‘dials’ ‘glue’ ‘parsnip’ All declared Imports should be used. Flavors: r-devel-linux-x86_64-fedora-clang, r-devel-linux-x86_64-fedora-gcc

These binaries (installable software) and packages are in development.
They may not be fully stable and should be used with caution. We make no claims about them.