CRAN Package Check Results for Package modelwordcloud

Last updated on 2025-02-19 16:50:56 CET.

Flavor Version Tinstall Tcheck Ttotal Status Flags
r-devel-linux-x86_64-debian-clang 0.1 1.48 19.76 21.24 OK
r-devel-linux-x86_64-debian-gcc 0.1 1.39 15.99 17.38 OK
r-devel-linux-x86_64-fedora-clang 0.1 34.41 NOTE
r-devel-linux-x86_64-fedora-gcc 0.1 32.88 NOTE
r-devel-macos-arm64 0.1 16.00 OK
r-devel-macos-x86_64 0.1 27.00 OK
r-devel-windows-x86_64 0.1 3.00 48.00 51.00 OK
r-patched-linux-x86_64 0.1 1.58 18.81 20.39 NOTE
r-release-linux-x86_64 0.1 1.59 18.90 20.49 NOTE
r-release-macos-arm64 0.1 15.00 NOTE
r-release-macos-x86_64 0.1 21.00 NOTE
r-release-windows-x86_64 0.1 3.00 41.00 44.00 NOTE
r-oldrel-macos-arm64 0.1 17.00 NOTE
r-oldrel-macos-x86_64 0.1 21.00 NOTE
r-oldrel-windows-x86_64 0.1 3.00 44.00 47.00 NOTE

Check Details

Version: 0.1
Check: dependencies in R code
Result: NOTE Namespace in Imports field not imported from: ‘methods’ All declared Imports should be used. Flavors: r-devel-linux-x86_64-fedora-clang, r-devel-linux-x86_64-fedora-gcc

Version: 0.1
Check: LazyData
Result: NOTE 'LazyData' is specified without a 'data' directory Flavors: r-patched-linux-x86_64, r-release-linux-x86_64, r-release-macos-arm64, r-release-macos-x86_64, r-release-windows-x86_64, r-oldrel-macos-arm64, r-oldrel-macos-x86_64, r-oldrel-windows-x86_64

These binaries (installable software) and packages are in development.
They may not be fully stable and should be used with caution. We make no claims about them.