CRAN Package Check Results for Package modelwordcloud

Last updated on 2025-10-23 21:51:33 CEST.

Flavor Version Tinstall Tcheck Ttotal Status Flags
r-devel-linux-x86_64-debian-clang 0.1 1.79 21.51 23.30 OK
r-devel-linux-x86_64-debian-gcc 0.1 1.35 18.17 19.52 OK
r-devel-linux-x86_64-fedora-clang 0.1 35.33 NOTE
r-devel-linux-x86_64-fedora-gcc 0.1 33.00 NOTE
r-devel-windows-x86_64 0.1 2.00 39.00 41.00 OK
r-patched-linux-x86_64 0.1 1.74 20.84 22.58 OK
r-release-linux-x86_64 0.1 1.58 20.43 22.01 OK
r-release-macos-arm64 0.1 1.00 15.00 16.00 OK
r-release-macos-x86_64 0.1 2.00 30.00 32.00 OK
r-release-windows-x86_64 0.1 2.00 41.00 43.00 OK
r-oldrel-macos-arm64 0.1 1.00 14.00 15.00 NOTE
r-oldrel-macos-x86_64 0.1 1.00 20.00 21.00 NOTE
r-oldrel-windows-x86_64 0.1 3.00 47.00 50.00 NOTE

Check Details

Version: 0.1
Check: dependencies in R code
Result: NOTE Namespace in Imports field not imported from: ‘methods’ All declared Imports should be used. Flavors: r-devel-linux-x86_64-fedora-clang, r-devel-linux-x86_64-fedora-gcc

Version: 0.1
Check: LazyData
Result: NOTE 'LazyData' is specified without a 'data' directory Flavors: r-oldrel-macos-arm64, r-oldrel-macos-x86_64, r-oldrel-windows-x86_64

These binaries (installable software) and packages are in development.
They may not be fully stable and should be used with caution. We make no claims about them.