CRAN Package Check Results for Package modelwordcloud

Last updated on 2025-07-02 01:51:43 CEST.

Flavor Version Tinstall Tcheck Ttotal Status Flags
r-devel-linux-x86_64-debian-clang 0.1 1.75 20.83 22.58 OK
r-devel-linux-x86_64-debian-gcc 0.1 1.37 17.18 18.55 OK
r-devel-linux-x86_64-fedora-clang 0.1 34.82 NOTE
r-devel-linux-x86_64-fedora-gcc 0.1 32.92 NOTE
r-devel-windows-x86_64 0.1 2.00 42.00 44.00 OK
r-patched-linux-x86_64 OK
r-release-linux-x86_64 0.1 1.36 19.61 20.97 OK
r-release-macos-arm64 0.1 16.00 OK
r-release-macos-x86_64 0.1 32.00 OK
r-release-windows-x86_64 0.1 4.00 42.00 46.00 OK
r-oldrel-macos-arm64 0.1 15.00 NOTE
r-oldrel-macos-x86_64 0.1 21.00 NOTE
r-oldrel-windows-x86_64 0.1 3.00 45.00 48.00 NOTE

Check Details

Version: 0.1
Check: dependencies in R code
Result: NOTE Namespace in Imports field not imported from: ‘methods’ All declared Imports should be used. Flavors: r-devel-linux-x86_64-fedora-clang, r-devel-linux-x86_64-fedora-gcc

Version: 0.1
Check: LazyData
Result: NOTE 'LazyData' is specified without a 'data' directory Flavors: r-oldrel-macos-arm64, r-oldrel-macos-x86_64, r-oldrel-windows-x86_64

These binaries (installable software) and packages are in development.
They may not be fully stable and should be used with caution. We make no claims about them.