CRAN Package Check Results for Package moderndive

Last updated on 2025-05-08 04:52:11 CEST.

Flavor Version Tinstall Tcheck Ttotal Status Flags
r-devel-linux-x86_64-debian-clang 0.7.0 10.36 108.42 118.78 NOTE
r-devel-linux-x86_64-debian-gcc 0.7.0 8.27 76.67 84.94 NOTE
r-devel-linux-x86_64-fedora-clang 0.7.0 171.48 NOTE
r-devel-linux-x86_64-fedora-gcc 0.7.0 183.88 NOTE
r-devel-windows-x86_64 0.7.0 13.00 117.00 130.00 NOTE
r-patched-linux-x86_64 0.7.0 10.36 99.85 110.21 NOTE
r-release-linux-x86_64 0.7.0 8.41 100.53 108.94 NOTE
r-release-macos-arm64 0.7.0 70.00 NOTE
r-release-macos-x86_64 0.7.0 112.00 NOTE
r-release-windows-x86_64 0.7.0 12.00 117.00 129.00 NOTE
r-oldrel-macos-arm64 0.7.0 58.00 OK
r-oldrel-macos-x86_64 0.7.0 104.00 OK
r-oldrel-windows-x86_64 0.7.0 17.00 154.00 171.00 OK

Check Details

Version: 0.7.0
Check: DESCRIPTION meta-information
Result: NOTE Missing dependency on R >= 4.1.0 because package code uses the pipe |> or function shorthand \(...) syntax added in R 4.1.0. File(s) using such syntax: ‘pop_sd.Rd’ ‘tidy_summary.R’ Flavors: r-devel-linux-x86_64-debian-clang, r-devel-linux-x86_64-debian-gcc, r-devel-linux-x86_64-fedora-clang, r-devel-linux-x86_64-fedora-gcc, r-devel-windows-x86_64, r-patched-linux-x86_64, r-release-linux-x86_64, r-release-macos-arm64, r-release-windows-x86_64

Version: 0.7.0
Check: DESCRIPTION meta-information
Result: NOTE Missing dependency on R >= 4.1.0 because package code uses the pipe |> or function shorthand \(...) syntax added in R 4.1.0. File(s) using such syntax: ‘tidy_summary.R’ Flavor: r-release-macos-x86_64

These binaries (installable software) and packages are in development.
They may not be fully stable and should be used with caution. We make no claims about them.