Last updated on 2025-05-01 22:49:48 CEST.
Flavor | Version | Tinstall | Tcheck | Ttotal | Status | Flags |
---|---|---|---|---|---|---|
r-devel-linux-x86_64-debian-clang | 0.1.4 | 15.62 | 67.28 | 82.90 | NOTE | |
r-devel-linux-x86_64-debian-gcc | 0.1.4 | 11.42 | 51.61 | 63.03 | NOTE | |
r-devel-linux-x86_64-fedora-clang | 0.1.4 | 134.27 | OK | |||
r-devel-linux-x86_64-fedora-gcc | 0.1.4 | 129.11 | OK | |||
r-devel-windows-x86_64 | 0.1.4 | 20.00 | 91.00 | 111.00 | OK | |
r-patched-linux-x86_64 | 0.1.4 | 15.61 | 65.68 | 81.29 | OK | |
r-release-linux-x86_64 | OK | |||||
r-release-macos-arm64 | 0.1.4 | 56.00 | OK | |||
r-release-macos-x86_64 | 0.1.4 | 78.00 | OK | |||
r-release-windows-x86_64 | 0.1.4 | 19.00 | 95.00 | 114.00 | OK | |
r-oldrel-macos-arm64 | 0.1.4 | 46.00 | OK | |||
r-oldrel-macos-x86_64 | 0.1.4 | 57.00 | OK | |||
r-oldrel-windows-x86_64 | 0.1.4 | 22.00 | 114.00 | 136.00 | OK |
Version: 0.1.4
Check: CRAN incoming feasibility
Result: NOTE
Maintainer: ‘Carlos Alberto Cardozo Delgado <cardozorpackages@gmail.com>’
No Authors@R field in DESCRIPTION.
Please add one, modifying
Authors@R: person(given = c("Carlos", "Alberto", "Cardozo"),
family = "Delgado",
role = c("aut", "cre"),
email = "cardozorpackages@gmail.com")
as necessary.
Flavors: r-devel-linux-x86_64-debian-clang, r-devel-linux-x86_64-debian-gcc
These binaries (installable software) and packages are in development.
They may not be fully stable and should be used with caution. We make no claims about them.