CRAN Package Check Results for Package modgetxl

Last updated on 2025-07-22 19:51:54 CEST.

Flavor Version Tinstall Tcheck Ttotal Status Flags
r-devel-linux-x86_64-debian-clang 0.4 5.48 30.25 35.73 NOTE
r-devel-linux-x86_64-debian-gcc 0.4 3.98 24.29 28.27 NOTE
r-devel-linux-x86_64-fedora-clang 0.4 55.43 OK
r-devel-linux-x86_64-fedora-gcc 0.4 55.78 OK
r-devel-windows-x86_64 0.4 7.00 48.00 55.00 OK
r-patched-linux-x86_64 0.4 6.36 28.47 34.83 OK
r-release-linux-x86_64 0.4 5.06 28.83 33.89 OK
r-release-macos-arm64 0.4 19.00 OK
r-release-macos-x86_64 0.4 43.00 OK
r-release-windows-x86_64 0.4 6.00 50.00 56.00 OK
r-oldrel-macos-arm64 0.4 19.00 OK
r-oldrel-macos-x86_64 0.4 35.00 OK
r-oldrel-windows-x86_64 0.4 11.00 61.00 72.00 OK

Check Details

Version: 0.4
Check: CRAN incoming feasibility
Result: NOTE Maintainer: ‘Yadu Balehosur <yadu@vizualytics.com>’ No Authors@R field in DESCRIPTION. Please add one, modifying Authors@R: person(given = "Yadu", family = "Balehosur", role = c("aut", "cre"), email = "yadu@vizualytics.com") as necessary. Flavors: r-devel-linux-x86_64-debian-clang, r-devel-linux-x86_64-debian-gcc

These binaries (installable software) and packages are in development.
They may not be fully stable and should be used with caution. We make no claims about them.