Last updated on 2025-05-01 14:49:15 CEST.
Flavor | Version | Tinstall | Tcheck | Ttotal | Status | Flags |
---|---|---|---|---|---|---|
r-devel-linux-x86_64-debian-clang | 0.9.0 | 32.88 | 189.27 | 222.15 | NOTE | |
r-devel-linux-x86_64-debian-gcc | 0.9.0 | 20.51 | 128.45 | 148.96 | OK | |
r-devel-linux-x86_64-fedora-clang | 0.9.0 | 341.20 | OK | |||
r-devel-linux-x86_64-fedora-gcc | 0.9.0 | 332.08 | OK | |||
r-devel-windows-x86_64 | 0.9.0 | 32.00 | 197.00 | 229.00 | OK | |
r-patched-linux-x86_64 | 0.9.0 | 31.95 | 180.32 | 212.27 | OK | |
r-release-linux-x86_64 | OK | |||||
r-release-macos-arm64 | 0.9.0 | 107.00 | OK | |||
r-release-macos-x86_64 | 0.9.0 | 217.00 | OK | |||
r-release-windows-x86_64 | 0.9.0 | 32.00 | 198.00 | 230.00 | OK | |
r-oldrel-macos-arm64 | 0.9.0 | 75.00 | OK | |||
r-oldrel-macos-x86_64 | 0.9.0 | 126.00 | OK | |||
r-oldrel-windows-x86_64 | 0.9.0 | 42.00 | 253.00 | 295.00 | OK |
Version: 0.9.0
Check: examples
Result: NOTE
Examples with CPU (user + system) or elapsed time > 5s
user system elapsed
simNet 5.867 0.026 8.017
Flavor: r-devel-linux-x86_64-debian-clang
These binaries (installable software) and packages are in development.
They may not be fully stable and should be used with caution. We make no claims about them.