Last updated on 2025-05-01 15:49:37 CEST.
Flavor | Version | Tinstall | Tcheck | Ttotal | Status | Flags |
---|---|---|---|---|---|---|
r-devel-linux-x86_64-debian-clang | 1.8-4 | 2.83 | 23.63 | 26.46 | NOTE | |
r-devel-linux-x86_64-debian-gcc | 1.8-4 | 1.84 | 18.06 | 19.90 | NOTE | |
r-devel-linux-x86_64-fedora-clang | 1.8-4 | 41.27 | OK | |||
r-devel-linux-x86_64-fedora-gcc | 1.8-4 | 37.81 | OK | |||
r-devel-windows-x86_64 | 1.8-4 | 3.00 | 46.00 | 49.00 | OK | |
r-patched-linux-x86_64 | 1.8-4 | 2.88 | 22.04 | 24.92 | OK | |
r-release-linux-x86_64 | OK | |||||
r-release-macos-arm64 | 1.8-4 | 16.00 | OK | |||
r-release-macos-x86_64 | 1.8-4 | 26.00 | OK | |||
r-release-windows-x86_64 | 1.8-4 | 5.00 | 50.00 | 55.00 | OK | |
r-oldrel-macos-arm64 | 1.8-4 | 15.00 | OK | |||
r-oldrel-macos-x86_64 | 1.8-4 | 22.00 | OK | |||
r-oldrel-windows-x86_64 | 1.8-4 | 3.00 | 44.00 | 47.00 | OK |
Version: 1.8-4
Check: CRAN incoming feasibility
Result: NOTE
Maintainer: ‘Peter Langfelder <Peter.Langfelder@gmail.com>’
No Authors@R field in DESCRIPTION.
Please add one, modifying
Authors@R: c(person(given = "Peter",
family = "Langfelder",
role = c("aut", "cre"),
email = "Peter.Langfelder@gmail.com"),
person(given = "Steve",
family = "Horvath",
role = "aut",
email = "SHorvath@mednet.ucla.edu"))
as necessary.
Flavors: r-devel-linux-x86_64-debian-clang, r-devel-linux-x86_64-debian-gcc
These binaries (installable software) and packages are in development.
They may not be fully stable and should be used with caution. We make no claims about them.