Last updated on 2025-02-07 08:51:29 CET.
Flavor | Version | Tinstall | Tcheck | Ttotal | Status | Flags |
---|---|---|---|---|---|---|
r-devel-linux-x86_64-debian-clang | 5.3 | 15.71 | 209.22 | 224.93 | OK | |
r-devel-linux-x86_64-debian-gcc | 5.3 | 12.14 | 135.96 | 148.10 | OK | |
r-devel-linux-x86_64-fedora-clang | 5.3 | 362.35 | OK | |||
r-devel-linux-x86_64-fedora-gcc | 5.3 | 355.00 | OK | |||
r-devel-windows-x86_64 | 5.3 | 17.00 | 206.00 | 223.00 | OK | |
r-patched-linux-x86_64 | 5.3 | 13.99 | 190.28 | 204.27 | NOTE | |
r-release-linux-x86_64 | 5.3 | 13.97 | 190.34 | 204.31 | NOTE | |
r-release-macos-arm64 | 5.3 | 90.00 | OK | |||
r-release-macos-x86_64 | 5.3 | 141.00 | OK | |||
r-release-windows-x86_64 | 5.3 | 16.00 | 189.00 | 205.00 | OK | |
r-oldrel-macos-arm64 | 5.3 | 102.00 | OK | |||
r-oldrel-macos-x86_64 | 5.3 | 142.00 | OK | |||
r-oldrel-windows-x86_64 | 5.3 | 21.00 | 255.00 | 276.00 | OK |
Version: 5.3
Check: package dependencies
Result: NOTE
Package suggested but not available for checking: ‘rglwidget’
Flavors: r-patched-linux-x86_64, r-release-linux-x86_64
These binaries (installable software) and packages are in development.
They may not be fully stable and should be used with caution. We make no claims about them.