Last updated on 2025-05-01 14:49:15 CEST.
Flavor | Version | Tinstall | Tcheck | Ttotal | Status | Flags |
---|---|---|---|---|---|---|
r-devel-linux-x86_64-debian-clang | 5.3 | 15.08 | 208.81 | 223.89 | NOTE | |
r-devel-linux-x86_64-debian-gcc | 5.3 | 11.25 | 142.57 | 153.82 | OK | |
r-devel-linux-x86_64-fedora-clang | 5.3 | 356.46 | OK | |||
r-devel-linux-x86_64-fedora-gcc | 5.3 | 360.92 | OK | |||
r-devel-windows-x86_64 | 5.3 | 16.00 | 211.00 | 227.00 | OK | |
r-patched-linux-x86_64 | 5.3 | 14.80 | 197.94 | 212.74 | OK | |
r-release-linux-x86_64 | OK | |||||
r-release-macos-arm64 | 5.3 | 111.00 | OK | |||
r-release-macos-x86_64 | 5.3 | 178.00 | OK | |||
r-release-windows-x86_64 | 5.3 | 18.00 | 210.00 | 228.00 | OK | |
r-oldrel-macos-arm64 | 5.3 | 90.00 | OK | |||
r-oldrel-macos-x86_64 | 5.3 | 141.00 | OK | |||
r-oldrel-windows-x86_64 | 5.3 | 21.00 | 250.00 | 271.00 | OK |
Version: 5.3
Check: examples
Result: NOTE
Examples with CPU (user + system) or elapsed time > 5s
user system elapsed
Check2D 5.323 0.150 7.323
DNEbar 5.080 0.011 6.041
Hills 4.983 0.019 6.538
RFI3d 4.770 0.027 7.080
RFI 4.713 0.000 6.183
OPC3d 4.391 0.096 6.200
OPCbinareas 4.329 0.048 5.468
OPC 4.035 0.023 5.446
Flavor: r-devel-linux-x86_64-debian-clang
These binaries (installable software) and packages are in development.
They may not be fully stable and should be used with caution. We make no claims about them.