Last updated on 2025-02-07 08:51:29 CET.
Flavor | Version | Tinstall | Tcheck | Ttotal | Status | Flags |
---|---|---|---|---|---|---|
r-devel-linux-x86_64-debian-clang | 3.5.4 | 154.09 | 234.19 | 388.28 | OK | |
r-devel-linux-x86_64-debian-gcc | 3.5.4 | 114.89 | 147.08 | 261.97 | OK | |
r-devel-linux-x86_64-fedora-clang | 3.5.4 | 721.70 | OK | |||
r-devel-linux-x86_64-fedora-gcc | 3.5.4 | 723.45 | OK | |||
r-devel-windows-x86_64 | 3.5.4 | 166.00 | 270.00 | 436.00 | OK | |
r-patched-linux-x86_64 | 3.5.4 | 159.79 | 217.14 | 376.93 | OK | |
r-release-linux-x86_64 | 3.5.4 | 159.34 | 214.05 | 373.39 | OK | |
r-release-macos-arm64 | 3.5.4 | 149.00 | NOTE | |||
r-release-macos-x86_64 | 3.5.4 | 198.00 | NOTE | |||
r-release-windows-x86_64 | 3.5.4 | 163.00 | 256.00 | 419.00 | OK | |
r-oldrel-macos-arm64 | 3.5.4 | 231.00 | NOTE | |||
r-oldrel-macos-x86_64 | 3.5.4 | 331.00 | NOTE | |||
r-oldrel-windows-x86_64 | 3.5.4 | 184.00 | 337.00 | 521.00 | OK |
Version: 3.5.4
Check: installed package size
Result: NOTE
installed size is 9.8Mb
sub-directories of 1Mb or more:
libs 8.2Mb
Flavors: r-release-macos-arm64, r-release-macos-x86_64, r-oldrel-macos-arm64, r-oldrel-macos-x86_64
These binaries (installable software) and packages are in development.
They may not be fully stable and should be used with caution. We make no claims about them.