Last updated on 2025-02-16 08:50:54 CET.
Flavor | Version | Tinstall | Tcheck | Ttotal | Status | Flags |
---|---|---|---|---|---|---|
r-devel-linux-x86_64-debian-clang | 1.5.5 | 120.67 | 456.39 | 577.06 | NOTE | |
r-devel-linux-x86_64-debian-gcc | 1.5.5 | 80.51 | 283.68 | 364.19 | NOTE | |
r-devel-linux-x86_64-fedora-clang | 1.5.5 | 961.59 | OK | |||
r-devel-linux-x86_64-fedora-gcc | 1.5.5 | 914.47 | OK | |||
r-devel-macos-arm64 | 1.5.5 | 224.00 | OK | |||
r-devel-macos-x86_64 | 1.5.5 | 482.00 | OK | |||
r-devel-windows-x86_64 | 1.5.5 | 124.00 | 451.00 | 575.00 | NOTE | |
r-patched-linux-x86_64 | 1.5.5 | 132.53 | 421.59 | 554.12 | OK | |
r-release-linux-x86_64 | 1.5.5 | 115.91 | 412.40 | 528.31 | OK | |
r-release-macos-arm64 | 1.5.5 | 212.00 | NOTE | |||
r-release-macos-x86_64 | 1.5.5 | 348.00 | NOTE | |||
r-release-windows-x86_64 | 1.5.5 | 122.00 | 390.00 | 512.00 | OK | |
r-oldrel-macos-arm64 | 1.5.5 | 267.00 | NOTE | |||
r-oldrel-macos-x86_64 | 1.5.5 | 454.00 | NOTE | |||
r-oldrel-windows-x86_64 | 1.5.5 | 197.00 | 608.00 | 805.00 | OK |
Version: 1.5.5
Check: Rd cross-references
Result: NOTE
Found the following Rd file(s) with Rd \link{} targets missing package
anchors:
AIC.momentuHMM.Rd: quasiquotation
AICweights.Rd: quasiquotation
MIfitHMM.Rd: crwPostIS
plotSat.Rd: CRS-class
Please provide package anchors for all Rd \link{} targets not in the
package itself and the base packages.
Flavors: r-devel-linux-x86_64-debian-clang, r-devel-linux-x86_64-debian-gcc, r-devel-windows-x86_64
Version: 1.5.5
Check: installed package size
Result: NOTE
installed size is 8.8Mb
sub-directories of 1Mb or more:
R 2.0Mb
doc 1.7Mb
libs 4.4Mb
Flavors: r-release-macos-arm64, r-release-macos-x86_64, r-oldrel-macos-arm64, r-oldrel-macos-x86_64
These binaries (installable software) and packages are in development.
They may not be fully stable and should be used with caution. We make no claims about them.