Last updated on 2025-07-27 19:50:48 CEST.
Flavor | Version | Tinstall | Tcheck | Ttotal | Status | Flags |
---|---|---|---|---|---|---|
r-devel-linux-x86_64-debian-clang | 0.2.2 | 3.27 | 31.69 | 34.96 | OK | |
r-devel-linux-x86_64-debian-gcc | 0.2.2 | 2.72 | 25.32 | 28.04 | OK | |
r-devel-linux-x86_64-fedora-clang | 0.2.2 | 54.29 | OK | |||
r-devel-linux-x86_64-fedora-gcc | 0.2.2 | 53.75 | OK | |||
r-devel-windows-x86_64 | 0.2.2 | 9.00 | 58.00 | 67.00 | OK | |
r-patched-linux-x86_64 | 0.2.2 | 3.54 | 30.82 | 34.36 | OK | |
r-release-linux-x86_64 | 0.2.2 | 3.23 | 30.38 | 33.61 | OK | |
r-release-macos-arm64 | 0.2.2 | 22.00 | OK | |||
r-release-macos-x86_64 | 0.2.2 | 38.00 | OK | |||
r-release-windows-x86_64 | 0.2.2 | 7.00 | 51.00 | 58.00 | OK | |
r-oldrel-macos-arm64 | 0.2.2 | 20.00 | NOTE | |||
r-oldrel-macos-x86_64 | 0.2.2 | 31.00 | NOTE | |||
r-oldrel-windows-x86_64 | 0.2.2 | 9.00 | 63.00 | 72.00 | NOTE |
Version: 0.2.2
Check: installed package size
Result: NOTE
installed size is 14.8Mb
sub-directories of 1Mb or more:
htmlwidgets 14.7Mb
Flavors: r-oldrel-macos-arm64, r-oldrel-macos-x86_64, r-oldrel-windows-x86_64
These binaries (installable software) and packages are in development.
They may not be fully stable and should be used with caution. We make no claims about them.