Last updated on 2025-10-03 17:48:39 CEST.
Flavor | Version | Tinstall | Tcheck | Ttotal | Status | Flags |
---|---|---|---|---|---|---|
r-devel-linux-x86_64-debian-clang | 0.2.2 | 3.56 | 33.12 | 36.68 | OK | |
r-devel-linux-x86_64-debian-gcc | 0.2.2 | 2.78 | 26.11 | 28.89 | OK | |
r-devel-linux-x86_64-fedora-clang | 0.2.2 | 54.60 | OK | |||
r-devel-linux-x86_64-fedora-gcc | 0.2.2 | 55.90 | OK | |||
r-devel-windows-x86_64 | 0.2.2 | 7.00 | 51.00 | 58.00 | OK | |
r-patched-linux-x86_64 | 0.2.2 | 3.73 | 31.36 | 35.09 | OK | |
r-release-linux-x86_64 | 0.2.2 | 3.69 | 31.24 | 34.93 | OK | |
r-release-macos-arm64 | 0.2.2 | 22.00 | OK | |||
r-release-macos-x86_64 | 0.2.2 | 38.00 | OK | |||
r-release-windows-x86_64 | 0.2.2 | 7.00 | 52.00 | 59.00 | OK | |
r-oldrel-macos-arm64 | 0.2.2 | 20.00 | NOTE | |||
r-oldrel-macos-x86_64 | 0.2.2 | 31.00 | NOTE | |||
r-oldrel-windows-x86_64 | 0.2.2 | 10.00 | 60.00 | 70.00 | NOTE |
Version: 0.2.2
Check: installed package size
Result: NOTE
installed size is 14.8Mb
sub-directories of 1Mb or more:
htmlwidgets 14.7Mb
Flavors: r-oldrel-macos-arm64, r-oldrel-macos-x86_64, r-oldrel-windows-x86_64
These binaries (installable software) and packages are in development.
They may not be fully stable and should be used with caution. We make no claims about them.