Last updated on 2025-10-23 17:50:54 CEST.
Flavor | Version | Tinstall | Tcheck | Ttotal | Status | Flags |
---|---|---|---|---|---|---|
r-devel-linux-x86_64-debian-clang | 4.0.0 | 60.99 | 35.85 | 96.84 | NOTE | |
r-devel-linux-x86_64-debian-gcc | 4.0.0 | 43.82 | 27.68 | 71.50 | OK | |
r-devel-linux-x86_64-fedora-clang | 4.0.0 | 195.00 | -23.73 | 171.27 | OK | |
r-devel-linux-x86_64-fedora-gcc | 4.0.0 | 150.00 | 15.30 | 165.30 | OK | |
r-devel-windows-x86_64 | 4.0.0 | 340.00 | 116.00 | 456.00 | OK | |
r-patched-linux-x86_64 | 4.0.0 | 59.22 | 33.62 | 92.84 | OK | |
r-release-linux-x86_64 | 4.0.0 | 58.57 | 33.42 | 91.99 | OK | |
r-release-macos-arm64 | 4.0.0 | 24.00 | 32.00 | 56.00 | OK | |
r-release-macos-x86_64 | 4.0.0 | 20.00 | 55.00 | 75.00 | OK | |
r-release-windows-x86_64 | 4.0.0 | 352.00 | 121.00 | 473.00 | OK | |
r-oldrel-macos-arm64 | 4.0.0 | 22.00 | 36.00 | 58.00 | OK | |
r-oldrel-macos-x86_64 | 4.0.0 | 25.00 | 73.00 | 98.00 | OK | |
r-oldrel-windows-x86_64 | 4.0.0 | 403.00 | 148.00 | 551.00 | NOTE |
Version: 4.0.0
Check: HTML version of manual
Result: NOTE
Found the following HTML validation problems:
ssl_options.html:81:1 (ssl_options.Rd:33): Warning: missing </ul> before </div>
Flavor: r-devel-linux-x86_64-debian-clang
Version: 4.0.0
Check: installed package size
Result: NOTE
installed size is 6.7Mb
sub-directories of 1Mb or more:
libs 6.6Mb
Flavor: r-oldrel-windows-x86_64
These binaries (installable software) and packages are in development.
They may not be fully stable and should be used with caution. We make no claims about them.