CRAN Package Check Results for Package mongopipe

Last updated on 2025-02-16 08:50:54 CET.

Flavor Version Tinstall Tcheck Ttotal Status Flags
r-devel-linux-x86_64-debian-clang 0.1.1 1.91 23.67 25.58 OK
r-devel-linux-x86_64-debian-gcc 0.1.1 1.66 18.55 20.21 OK
r-devel-linux-x86_64-fedora-clang 0.1.1 45.22 OK
r-devel-linux-x86_64-fedora-gcc 0.1.1 38.81 OK
r-devel-macos-arm64 0.1.1 17.00 OK
r-devel-macos-x86_64 0.1.1 27.00 OK
r-devel-windows-x86_64 0.1.1 3.00 45.00 48.00 OK
r-patched-linux-x86_64 0.1.1 1.96 22.07 24.03 NOTE
r-release-linux-x86_64 0.1.1 1.79 22.33 24.12 NOTE
r-release-macos-arm64 0.1.1 18.00 NOTE
r-release-macos-x86_64 0.1.1 24.00 NOTE
r-release-windows-x86_64 0.1.1 4.00 44.00 48.00 NOTE
r-oldrel-macos-arm64 0.1.1 19.00 NOTE
r-oldrel-macos-x86_64 0.1.1 24.00 NOTE
r-oldrel-windows-x86_64 0.1.1 4.00 74.00 78.00 NOTE

Check Details

Version: 0.1.1
Check: LazyData
Result: NOTE 'LazyData' is specified without a 'data' directory Flavors: r-patched-linux-x86_64, r-release-linux-x86_64, r-release-macos-arm64, r-release-macos-x86_64, r-release-windows-x86_64, r-oldrel-macos-arm64, r-oldrel-macos-x86_64, r-oldrel-windows-x86_64

These binaries (installable software) and packages are in development.
They may not be fully stable and should be used with caution. We make no claims about them.