CRAN Package Check Results for Package monmlp

Last updated on 2025-02-21 15:51:57 CET.

Flavor Version Tinstall Tcheck Ttotal Status Flags
r-devel-linux-x86_64-debian-clang 1.1.5 2.10 30.63 32.73 NOTE
r-devel-linux-x86_64-debian-gcc 1.1.5 1.63 26.48 28.11 NOTE
r-devel-linux-x86_64-fedora-clang 1.1.5 51.80 OK
r-devel-linux-x86_64-fedora-gcc 1.1.5 52.13 OK
r-devel-macos-arm64 1.1.5 20.00 OK
r-devel-macos-x86_64 1.1.5 34.00 OK
r-devel-windows-x86_64 1.1.5 3.00 53.00 56.00 NOTE
r-patched-linux-x86_64 1.1.5 3.38 29.15 32.53 OK
r-release-linux-x86_64 1.1.5 2.23 29.46 31.69 OK
r-release-macos-arm64 1.1.5 23.00 OK
r-release-macos-x86_64 1.1.5 32.00 OK
r-release-windows-x86_64 1.1.5 3.00 52.00 55.00 OK
r-oldrel-macos-arm64 1.1.5 21.00 OK
r-oldrel-macos-x86_64 1.1.5 29.00 OK
r-oldrel-windows-x86_64 1.1.5 4.00 58.00 62.00 OK

Check Details

Version: 1.1.5
Check: Rd cross-references
Result: NOTE Found the following Rd file(s) with Rd \link{} targets missing package anchors: monmlp.fit.Rd: optimx Please provide package anchors for all Rd \link{} targets not in the package itself and the base packages. Flavors: r-devel-linux-x86_64-debian-clang, r-devel-linux-x86_64-debian-gcc, r-devel-windows-x86_64

These binaries (installable software) and packages are in development.
They may not be fully stable and should be used with caution. We make no claims about them.