Last updated on 2025-02-16 08:50:54 CET.
Flavor | Version | Tinstall | Tcheck | Ttotal | Status | Flags |
---|---|---|---|---|---|---|
r-devel-linux-x86_64-debian-clang | 1.2.1 | 5.96 | 85.05 | 91.01 | NOTE | |
r-devel-linux-x86_64-debian-gcc | 1.2.1 | 3.76 | 56.90 | 60.66 | NOTE | |
r-devel-linux-x86_64-fedora-clang | 1.2.1 | 143.93 | NOTE | |||
r-devel-linux-x86_64-fedora-gcc | 1.2.1 | 148.35 | NOTE | |||
r-devel-macos-arm64 | 1.2.1 | 52.00 | NOTE | |||
r-devel-macos-x86_64 | 1.2.1 | 95.00 | NOTE | |||
r-devel-windows-x86_64 | 1.2.1 | 8.00 | 96.00 | 104.00 | NOTE | |
r-patched-linux-x86_64 | 1.2.1 | 6.00 | 77.02 | 83.02 | NOTE | |
r-release-linux-x86_64 | 1.2.1 | 5.26 | 77.91 | 83.17 | NOTE | |
r-release-macos-arm64 | 1.2.1 | 56.00 | NOTE | |||
r-release-macos-x86_64 | 1.2.1 | 100.00 | NOTE | |||
r-release-windows-x86_64 | 1.2.1 | 8.00 | 97.00 | 105.00 | NOTE | |
r-oldrel-macos-arm64 | 1.2.1 | 48.00 | OK | |||
r-oldrel-macos-x86_64 | 1.2.1 | 79.00 | OK | |||
r-oldrel-windows-x86_64 | 1.2.1 | 9.00 | 121.00 | 130.00 | OK |
Version: 1.2.1
Check: Rd files
Result: NOTE
checkRd: (-1) circ_dist.Rd:21: Lost braces; missing escapes or markup?
21 | The distance between two observations {i} and {j} of a circular variable {q}
| ^
checkRd: (-1) circ_dist.Rd:21: Lost braces; missing escapes or markup?
21 | The distance between two observations {i} and {j} of a circular variable {q}
| ^
checkRd: (-1) circ_dist.Rd:21: Lost braces; missing escapes or markup?
21 | The distance between two observations {i} and {j} of a circular variable {q}
| ^
Flavors: r-devel-linux-x86_64-debian-clang, r-devel-linux-x86_64-debian-gcc, r-devel-linux-x86_64-fedora-clang, r-devel-linux-x86_64-fedora-gcc, r-devel-macos-arm64, r-devel-macos-x86_64, r-devel-windows-x86_64, r-patched-linux-x86_64, r-release-linux-x86_64, r-release-macos-arm64, r-release-macos-x86_64, r-release-windows-x86_64
These binaries (installable software) and packages are in development.
They may not be fully stable and should be used with caution. We make no claims about them.