Last updated on 2025-11-13 09:50:53 CET.
| Flavor | Version | Tinstall | Tcheck | Ttotal | Status | Flags |
|---|---|---|---|---|---|---|
| r-devel-linux-x86_64-debian-clang | 1.3.1 | 32.06 | 318.13 | 350.19 | NOTE | |
| r-devel-linux-x86_64-debian-gcc | 1.3.1 | 20.07 | 205.84 | 225.91 | NOTE | |
| r-devel-linux-x86_64-fedora-clang | 1.3.1 | 70.00 | 479.32 | 549.32 | OK | |
| r-devel-linux-x86_64-fedora-gcc | 1.3.1 | 72.00 | 481.80 | 553.80 | OK | |
| r-devel-windows-x86_64 | 1.3.1 | 32.00 | 255.00 | 287.00 | OK | |
| r-patched-linux-x86_64 | 1.3.1 | 32.78 | 300.39 | 333.17 | OK | |
| r-release-linux-x86_64 | 1.3.1 | 30.87 | 303.85 | 334.72 | OK | |
| r-release-macos-arm64 | 1.3.1 | 14.00 | 147.00 | 161.00 | OK | |
| r-release-macos-x86_64 | 1.3.1 | 27.00 | 234.00 | 261.00 | OK | |
| r-release-windows-x86_64 | 1.3.1 | 30.00 | 244.00 | 274.00 | OK | |
| r-oldrel-macos-arm64 | 1.3.1 | 11.00 | 105.00 | 116.00 | OK | |
| r-oldrel-macos-x86_64 | 1.3.1 | 21.00 | 198.00 | 219.00 | OK | |
| r-oldrel-windows-x86_64 | 1.3.1 | 47.00 | 342.00 | 389.00 | OK |
Version: 1.3.1
Check: CRAN incoming feasibility
Result: NOTE
Maintainer: ‘Marcelo Reginato <reginatobio@yahoo.com.br>’
No Authors@R field in DESCRIPTION.
Please add one, modifying
Authors@R: person(given = "Marcelo",
family = "Reginato",
role = c("aut", "cre"),
email = "reginatobio@yahoo.com.br")
as necessary.
Flavors: r-devel-linux-x86_64-debian-clang, r-devel-linux-x86_64-debian-gcc
These binaries (installable software) and packages are in development.
They may not be fully stable and should be used with caution. We make no claims about them.