Last updated on 2025-05-01 15:49:37 CEST.
Flavor | Version | Tinstall | Tcheck | Ttotal | Status | Flags |
---|---|---|---|---|---|---|
r-devel-linux-x86_64-debian-clang | 1.3.1 | 36.32 | 321.19 | 357.51 | NOTE | |
r-devel-linux-x86_64-debian-gcc | 1.3.1 | 23.36 | 205.87 | 229.23 | NOTE | |
r-devel-linux-x86_64-fedora-clang | 1.3.1 | 543.50 | OK | |||
r-devel-linux-x86_64-fedora-gcc | 1.3.1 | 556.35 | OK | |||
r-devel-windows-x86_64 | 1.3.1 | 30.00 | 260.00 | 290.00 | OK | |
r-patched-linux-x86_64 | 1.3.1 | 30.82 | 299.92 | 330.74 | OK | |
r-release-linux-x86_64 | OK | |||||
r-release-macos-arm64 | 1.3.1 | 161.00 | OK | |||
r-release-macos-x86_64 | 1.3.1 | 261.00 | OK | |||
r-release-windows-x86_64 | 1.3.1 | 31.00 | 271.00 | 302.00 | OK | |
r-oldrel-macos-arm64 | 1.3.1 | 116.00 | OK | |||
r-oldrel-macos-x86_64 | 1.3.1 | 219.00 | OK | |||
r-oldrel-windows-x86_64 | 1.3.1 | 40.00 | 358.00 | 398.00 | OK |
Version: 1.3.1
Check: CRAN incoming feasibility
Result: NOTE
Maintainer: ‘Marcelo Reginato <reginatobio@yahoo.com.br>’
No Authors@R field in DESCRIPTION.
Please add one, modifying
Authors@R: person(given = "Marcelo",
family = "Reginato",
role = c("aut", "cre"),
email = "reginatobio@yahoo.com.br")
as necessary.
Flavors: r-devel-linux-x86_64-debian-clang, r-devel-linux-x86_64-debian-gcc
Version: 1.3.1
Check: examples
Result: NOTE
Examples with CPU (user + system) or elapsed time > 5s
user system elapsed
mapDiversity 4.875 0.102 7.068
codeMatrix 4.039 0.078 5.037
codeGap 3.865 0.010 5.488
Flavor: r-devel-linux-x86_64-debian-clang
These binaries (installable software) and packages are in development.
They may not be fully stable and should be used with caution. We make no claims about them.