CRAN Package Check Results for Package monographaR

Last updated on 2025-07-26 01:50:56 CEST.

Flavor Version Tinstall Tcheck Ttotal Status Flags
r-devel-linux-x86_64-debian-clang 1.3.1 31.78 316.26 348.04 NOTE
r-devel-linux-x86_64-debian-gcc 1.3.1 22.36 208.29 230.65 NOTE
r-devel-linux-x86_64-fedora-clang 1.3.1 542.84 OK
r-devel-linux-x86_64-fedora-gcc 1.3.1 553.83 OK
r-devel-windows-x86_64 1.3.1 30.00 257.00 287.00 OK
r-patched-linux-x86_64 1.3.1 28.55 300.96 329.51 OK
r-release-linux-x86_64 1.3.1 30.67 302.21 332.88 OK
r-release-macos-arm64 1.3.1 161.00 OK
r-release-macos-x86_64 1.3.1 261.00 OK
r-release-windows-x86_64 1.3.1 30.00 247.00 277.00 OK
r-oldrel-macos-arm64 1.3.1 116.00 OK
r-oldrel-macos-x86_64 1.3.1 219.00 OK
r-oldrel-windows-x86_64 1.3.1 42.00 346.00 388.00 OK

Check Details

Version: 1.3.1
Check: CRAN incoming feasibility
Result: NOTE Maintainer: ‘Marcelo Reginato <reginatobio@yahoo.com.br>’ No Authors@R field in DESCRIPTION. Please add one, modifying Authors@R: person(given = "Marcelo", family = "Reginato", role = c("aut", "cre"), email = "reginatobio@yahoo.com.br") as necessary. Flavors: r-devel-linux-x86_64-debian-clang, r-devel-linux-x86_64-debian-gcc

These binaries (installable software) and packages are in development.
They may not be fully stable and should be used with caution. We make no claims about them.