Last updated on 2025-02-07 08:51:29 CET.
Flavor | Version | Tinstall | Tcheck | Ttotal | Status | Flags |
---|---|---|---|---|---|---|
r-devel-linux-x86_64-debian-clang | 0.1.2 | 18.72 | 55.95 | 74.67 | OK | |
r-devel-linux-x86_64-debian-gcc | 0.1.2 | 15.99 | 46.46 | 62.45 | OK | |
r-devel-linux-x86_64-fedora-clang | 0.1.2 | 120.95 | OK | |||
r-devel-linux-x86_64-fedora-gcc | 0.1.2 | 132.81 | OK | |||
r-devel-windows-x86_64 | 0.1.2 | 53.00 | 90.00 | 143.00 | OK | |
r-patched-linux-x86_64 | 0.1.2 | 23.12 | 59.35 | 82.47 | NOTE | |
r-release-linux-x86_64 | 0.1.2 | 21.56 | 59.29 | 80.85 | NOTE | |
r-release-macos-arm64 | 0.1.2 | 51.00 | NOTE | |||
r-release-macos-x86_64 | 0.1.2 | 77.00 | NOTE | |||
r-release-windows-x86_64 | 0.1.2 | 53.00 | 92.00 | 145.00 | NOTE | |
r-oldrel-macos-arm64 | 0.1.2 | 51.00 | NOTE | |||
r-oldrel-macos-x86_64 | 0.1.2 | 89.00 | NOTE | |||
r-oldrel-windows-x86_64 | 0.1.2 | 52.00 | 110.00 | 162.00 | NOTE |
Version: 0.1.2
Check: for GNU extensions in Makefiles
Result: NOTE
GNU make is a SystemRequirements.
Flavors: r-patched-linux-x86_64, r-release-linux-x86_64, r-release-macos-arm64, r-release-macos-x86_64, r-release-windows-x86_64, r-oldrel-macos-arm64, r-oldrel-macos-x86_64, r-oldrel-windows-x86_64
These binaries (installable software) and packages are in development.
They may not be fully stable and should be used with caution. We make no claims about them.