Last updated on 2025-07-24 03:50:05 CEST.
Flavor | Version | Tinstall | Tcheck | Ttotal | Status | Flags |
---|---|---|---|---|---|---|
r-devel-linux-x86_64-debian-clang | 0.1.8 | 26.06 | 56.63 | 82.69 | OK | |
r-devel-linux-x86_64-debian-gcc | 0.1.8 | 20.33 | 48.86 | 69.19 | OK | |
r-devel-linux-x86_64-fedora-clang | 0.1.8 | 118.44 | OK | |||
r-devel-linux-x86_64-fedora-gcc | 0.1.8 | 136.19 | OK | |||
r-devel-windows-x86_64 | 0.1.8 | 50.00 | 91.00 | 141.00 | OK | |
r-patched-linux-x86_64 | 0.1.8 | 28.17 | 55.64 | 83.81 | OK | |
r-release-linux-x86_64 | 0.1.8 | 28.09 | 55.86 | 83.95 | OK | |
r-release-macos-arm64 | 0.1.8 | 44.00 | OK | |||
r-release-macos-x86_64 | 0.1.8 | 72.00 | OK | |||
r-release-windows-x86_64 | 0.1.8 | 50.00 | 90.00 | 140.00 | OK | |
r-oldrel-macos-arm64 | 0.1.8 | 46.00 | NOTE | |||
r-oldrel-macos-x86_64 | 0.1.8 | 87.00 | NOTE | |||
r-oldrel-windows-x86_64 | 0.1.8 | 61.00 | 110.00 | 171.00 | NOTE |
Version: 0.1.8
Check: for GNU extensions in Makefiles
Result: NOTE
GNU make is a SystemRequirements.
Flavors: r-oldrel-macos-arm64, r-oldrel-macos-x86_64, r-oldrel-windows-x86_64
These binaries (installable software) and packages are in development.
They may not be fully stable and should be used with caution. We make no claims about them.