Last updated on 2025-07-26 07:50:27 CEST.
Flavor | Version | Tinstall | Tcheck | Ttotal | Status | Flags |
---|---|---|---|---|---|---|
r-devel-linux-x86_64-debian-clang | 0.3.1 | 6.05 | 70.93 | 76.98 | NOTE | |
r-devel-linux-x86_64-debian-gcc | 0.3.1 | 3.91 | 53.44 | 57.35 | NOTE | |
r-devel-linux-x86_64-fedora-clang | 0.3.1 | 123.71 | OK | |||
r-devel-linux-x86_64-fedora-gcc | 0.3.1 | 130.97 | OK | |||
r-devel-windows-x86_64 | 0.3.1 | 8.00 | 96.00 | 104.00 | OK | |
r-patched-linux-x86_64 | 0.3.1 | 6.06 | 65.35 | 71.41 | OK | |
r-release-linux-x86_64 | 0.3.1 | 5.64 | 65.39 | 71.03 | OK | |
r-release-macos-arm64 | 0.3.1 | 75.00 | OK | |||
r-release-macos-x86_64 | 0.3.1 | 75.00 | OK | |||
r-release-windows-x86_64 | 0.3.1 | 9.00 | 92.00 | 101.00 | OK | |
r-oldrel-macos-arm64 | 0.3.1 | 38.00 | OK | |||
r-oldrel-macos-x86_64 | 0.3.1 | 62.00 | OK | |||
r-oldrel-windows-x86_64 | 0.3.1 | 10.00 | 115.00 | 125.00 | OK |
Version: 0.3.1
Check: CRAN incoming feasibility
Result: NOTE
Maintainer: ‘Keon-Woong Moon <cardiomoon@gmail.com>’
Package CITATION file contains call(s) to old-style citEntry(). Please
use bibentry() instead.
Flavors: r-devel-linux-x86_64-debian-clang, r-devel-linux-x86_64-debian-gcc
These binaries (installable software) and packages are in development.
They may not be fully stable and should be used with caution. We make no claims about them.