CRAN Package Check Results for Package morestopwords

Last updated on 2025-07-01 11:49:24 CEST.

Flavor Version Tinstall Tcheck Ttotal Status Flags
r-devel-linux-x86_64-debian-clang 0.2.0 1.94 19.68 21.62 NOTE
r-devel-linux-x86_64-debian-gcc 0.2.0 1.51 17.23 18.74 NOTE
r-devel-linux-x86_64-fedora-clang 0.2.0 32.21 NOTE
r-devel-linux-x86_64-fedora-gcc 0.2.0 30.57 NOTE
r-devel-windows-x86_64 0.2.0 5.00 44.00 49.00 NOTE
r-patched-linux-x86_64 NOTE
r-release-linux-x86_64 0.2.0 1.89 18.91 20.80 NOTE
r-release-macos-arm64 0.2.0 15.00 NOTE
r-release-macos-x86_64 0.2.0 24.00 NOTE
r-release-windows-x86_64 0.2.0 4.00 43.00 47.00 NOTE
r-oldrel-macos-arm64 0.2.0 14.00 OK
r-oldrel-macos-x86_64 0.2.0 21.00 OK
r-oldrel-windows-x86_64 0.2.0 5.00 50.00 55.00 OK

Check Details

Version: 0.2.0
Check: DESCRIPTION meta-information
Result: NOTE Missing dependency on R >= 4.1.0 because package code uses the pipe |> or function shorthand \(...) syntax added in R 4.1.0. File(s) using such syntax: ‘stopwords.R’ Flavors: r-devel-linux-x86_64-debian-clang, r-devel-linux-x86_64-debian-gcc, r-devel-linux-x86_64-fedora-clang, r-devel-linux-x86_64-fedora-gcc, r-devel-windows-x86_64, r-patched-linux-x86_64, r-release-linux-x86_64, r-release-macos-arm64, r-release-macos-x86_64, r-release-windows-x86_64

These binaries (installable software) and packages are in development.
They may not be fully stable and should be used with caution. We make no claims about them.