CRAN Package Check Results for Package morestopwords

Last updated on 2025-10-03 13:49:40 CEST.

Flavor Version Tinstall Tcheck Ttotal Status Flags
r-devel-linux-x86_64-debian-clang 0.2.0 1.67 20.98 22.65 NOTE
r-devel-linux-x86_64-debian-gcc 0.2.0 1.47 18.15 19.62 NOTE
r-devel-linux-x86_64-fedora-clang 0.2.0 32.42 NOTE
r-devel-linux-x86_64-fedora-gcc 0.2.0 32.71 NOTE
r-devel-windows-x86_64 0.2.0 5.00 40.00 45.00 NOTE
r-patched-linux-x86_64 0.2.0 1.75 19.86 21.61 NOTE
r-release-linux-x86_64 0.2.0 1.70 20.07 21.77 NOTE
r-release-macos-arm64 0.2.0 15.00 NOTE
r-release-macos-x86_64 0.2.0 24.00 NOTE
r-release-windows-x86_64 0.2.0 3.00 42.00 45.00 NOTE
r-oldrel-macos-arm64 0.2.0 14.00 OK
r-oldrel-macos-x86_64 0.2.0 21.00 OK
r-oldrel-windows-x86_64 0.2.0 4.00 57.00 61.00 OK

Check Details

Version: 0.2.0
Check: DESCRIPTION meta-information
Result: NOTE Missing dependency on R >= 4.1.0 because package code uses the pipe |> or function shorthand \(...) syntax added in R 4.1.0. File(s) using such syntax: ‘stopwords.R’ Flavors: r-devel-linux-x86_64-debian-clang, r-devel-linux-x86_64-debian-gcc, r-devel-linux-x86_64-fedora-clang, r-devel-linux-x86_64-fedora-gcc, r-devel-windows-x86_64, r-patched-linux-x86_64, r-release-linux-x86_64, r-release-macos-arm64, r-release-macos-x86_64, r-release-windows-x86_64

These binaries (installable software) and packages are in development.
They may not be fully stable and should be used with caution. We make no claims about them.