Last updated on 2025-02-16 08:50:55 CET.
Flavor | Version | Tinstall | Tcheck | Ttotal | Status | Flags |
---|---|---|---|---|---|---|
r-devel-linux-x86_64-debian-clang | 0.2.0 | 1.73 | 18.82 | 20.55 | NOTE | |
r-devel-linux-x86_64-debian-gcc | 0.2.0 | 1.56 | 15.60 | 17.16 | NOTE | |
r-devel-linux-x86_64-fedora-clang | 0.2.0 | 32.86 | NOTE | |||
r-devel-linux-x86_64-fedora-gcc | 0.2.0 | 30.73 | NOTE | |||
r-devel-macos-arm64 | 0.2.0 | 14.00 | OK | |||
r-devel-macos-x86_64 | 0.2.0 | 24.00 | NOTE | |||
r-devel-windows-x86_64 | 0.2.0 | 3.00 | 49.00 | 52.00 | NOTE | |
r-patched-linux-x86_64 | 0.2.0 | 1.79 | 18.03 | 19.82 | OK | |
r-release-linux-x86_64 | 0.2.0 | 1.77 | 18.07 | 19.84 | OK | |
r-release-macos-arm64 | 0.2.0 | 14.00 | OK | |||
r-release-macos-x86_64 | 0.2.0 | 21.00 | OK | |||
r-release-windows-x86_64 | 0.2.0 | 4.00 | 44.00 | 48.00 | OK | |
r-oldrel-macos-arm64 | 0.2.0 | 19.00 | OK | |||
r-oldrel-macos-x86_64 | 0.2.0 | 33.00 | OK | |||
r-oldrel-windows-x86_64 | 0.2.0 | 4.00 | 41.00 | 45.00 | OK |
Version: 0.2.0
Check: DESCRIPTION meta-information
Result: NOTE
Missing dependency on R >= 4.1.0 because package code uses the pipe
|> or function shorthand \(...) syntax added in R 4.1.0.
File(s) using such syntax:
‘stopwords.R’
Flavors: r-devel-linux-x86_64-debian-clang, r-devel-linux-x86_64-debian-gcc, r-devel-linux-x86_64-fedora-clang, r-devel-linux-x86_64-fedora-gcc, r-devel-macos-x86_64, r-devel-windows-x86_64
These binaries (installable software) and packages are in development.
They may not be fully stable and should be used with caution. We make no claims about them.