CRAN Package Check Results for Package morphemepiece

Last updated on 2025-05-08 04:52:11 CEST.

Flavor Version Tinstall Tcheck Ttotal Status Flags
r-devel-linux-x86_64-debian-clang 1.2.3 2.92 34.55 37.47 NOTE
r-devel-linux-x86_64-debian-gcc 1.2.3 2.02 27.95 29.97 NOTE
r-devel-linux-x86_64-fedora-clang 1.2.3 57.67 NOTE
r-devel-linux-x86_64-fedora-gcc 1.2.3 69.15 NOTE
r-devel-windows-x86_64 1.2.3 5.00 56.00 61.00 NOTE
r-patched-linux-x86_64 1.2.3 3.19 32.48 35.67 NOTE
r-release-linux-x86_64 1.2.3 2.58 32.35 34.93 NOTE
r-release-macos-arm64 1.2.3 30.00 NOTE
r-release-macos-x86_64 1.2.3 48.00 NOTE
r-release-windows-x86_64 1.2.3 5.00 58.00 63.00 NOTE
r-oldrel-macos-arm64 1.2.3 40.00 NOTE
r-oldrel-macos-x86_64 1.2.3 43.00 NOTE
r-oldrel-windows-x86_64 1.2.3 6.00 66.00 72.00 NOTE

Check Details

Version: 1.2.3
Check: Rd files
Result: NOTE checkRd: (-1) morphemepiece_cache_dir.Rd:17-19: Lost braces in \itemize; meant \describe ? checkRd: (-1) morphemepiece_cache_dir.Rd:20-21: Lost braces in \itemize; meant \describe ? checkRd: (-1) morphemepiece_cache_dir.Rd:22-24: Lost braces in \itemize; meant \describe ? Flavors: r-devel-linux-x86_64-debian-clang, r-devel-linux-x86_64-debian-gcc, r-devel-linux-x86_64-fedora-clang, r-devel-linux-x86_64-fedora-gcc, r-devel-windows-x86_64, r-patched-linux-x86_64, r-release-linux-x86_64, r-release-macos-arm64, r-release-macos-x86_64, r-release-windows-x86_64, r-oldrel-macos-arm64, r-oldrel-macos-x86_64, r-oldrel-windows-x86_64

These binaries (installable software) and packages are in development.
They may not be fully stable and should be used with caution. We make no claims about them.