Last updated on 2025-05-01 12:49:34 CEST.
Flavor | Version | Tinstall | Tcheck | Ttotal | Status | Flags |
---|---|---|---|---|---|---|
r-devel-linux-x86_64-debian-clang | 1.1.8 | 3.94 | 111.16 | 115.10 | NOTE | |
r-devel-linux-x86_64-debian-gcc | 1.1.8 | 2.44 | 78.26 | 80.70 | OK | |
r-devel-linux-x86_64-fedora-clang | 1.1.8 | 177.51 | OK | |||
r-devel-linux-x86_64-fedora-gcc | 1.1.8 | 190.02 | OK | |||
r-devel-windows-x86_64 | 1.1.8 | 6.00 | 125.00 | 131.00 | OK | |
r-patched-linux-x86_64 | 1.1.8 | 4.52 | 106.13 | 110.65 | OK | |
r-release-linux-x86_64 | OK | |||||
r-release-macos-arm64 | 1.1.8 | 62.00 | OK | |||
r-release-macos-x86_64 | 1.1.8 | 115.00 | OK | |||
r-release-windows-x86_64 | 1.1.8 | 8.00 | 132.00 | 140.00 | OK | |
r-oldrel-macos-arm64 | 1.1.8 | 67.00 | OK | |||
r-oldrel-macos-x86_64 | 1.1.8 | 130.00 | OK | |||
r-oldrel-windows-x86_64 | 1.1.8 | 7.00 | 154.00 | 161.00 | OK |
Version: 1.1.8
Check: examples
Result: NOTE
Examples with CPU (user + system) or elapsed time > 5s
user system elapsed
pop.sim.gomp 9.876 0.115 14.012
halley.band 7.332 0.198 11.240
random.cat.apply 6.445 0.020 10.669
Flavor: r-devel-linux-x86_64-debian-clang
Version: 1.1.8
Check: examples
Result: NA
user system elapsed
halley.band 4.809 0.288 6.657
pop.sim.gomp 4.563 0.080 6.017
OK
Flavor: r-devel-linux-x86_64-debian-gcc
These binaries (installable software) and packages are in development.
They may not be fully stable and should be used with caution. We make no claims about them.