Last updated on 2025-02-19 16:50:56 CET.
Flavor | Version | Tinstall | Tcheck | Ttotal | Status | Flags |
---|---|---|---|---|---|---|
r-devel-linux-x86_64-debian-clang | 1.9.1 | 26.92 | 344.89 | 371.81 | NOTE | |
r-devel-linux-x86_64-debian-gcc | 1.9.1 | 18.95 | 229.31 | 248.26 | NOTE | |
r-devel-linux-x86_64-fedora-clang | 1.9.1 | 587.70 | OK | |||
r-devel-linux-x86_64-fedora-gcc | 1.9.1 | 578.27 | OK | |||
r-devel-macos-arm64 | 1.9.1 | 157.00 | OK | |||
r-devel-macos-x86_64 | 1.9.1 | 317.00 | OK | |||
r-devel-windows-x86_64 | 1.9.1 | 25.00 | 339.00 | 364.00 | NOTE | |
r-patched-linux-x86_64 | 1.9.1 | 34.50 | 328.28 | 362.78 | OK | |
r-release-linux-x86_64 | 1.9.1 | 21.00 | 323.61 | 344.61 | OK | |
r-release-macos-arm64 | 1.9.1 | 149.00 | OK | |||
r-release-macos-x86_64 | 1.9.1 | 331.00 | OK | |||
r-release-windows-x86_64 | 1.9.1 | 25.00 | 332.00 | 357.00 | OK | |
r-oldrel-macos-arm64 | 1.9.1 | 146.00 | OK | |||
r-oldrel-macos-x86_64 | 1.9.1 | 235.00 | OK | |||
r-oldrel-windows-x86_64 | 1.9.1 | 33.00 | 432.00 | 465.00 | OK |
Version: 1.9.1
Check: Rd cross-references
Result: NOTE
Found the following Rd file(s) with Rd \link{} targets missing package
anchors:
chisq.Rd: after_stat
freqpolygon.Rd: densityplot
plotCumfreq.Rd: densityplot
plotModel.Rd: xyplot
themes.Rd: trellis.par.set, show.settings
xpnorm.Rd: qqmath
Please provide package anchors for all Rd \link{} targets not in the
package itself and the base packages.
Flavors: r-devel-linux-x86_64-debian-clang, r-devel-linux-x86_64-debian-gcc, r-devel-windows-x86_64
These binaries (installable software) and packages are in development.
They may not be fully stable and should be used with caution. We make no claims about them.